{"id":96,"date":"2012-11-04T19:41:16","date_gmt":"2012-11-04T19:41:16","guid":{"rendered":"http:\/\/ancestry.smars.se\/?page_id=96"},"modified":"2014-08-16T22:13:50","modified_gmt":"2014-08-16T22:13:50","slug":"johanna","status":"publish","type":"page","link":"https:\/\/ancestry.smars.se\/?page_id=96","title":{"rendered":"Johanna Maria 18\/6 1841 &#8211; June 20 1915"},"content":{"rendered":"<p><em>Cover picture: Johanna in the middle with her sisters on her sides after she came to the US.<\/em><\/p>\n<p>Johanna was born in\u00a0<a href=\"https:\/\/maps.google.se\/maps\/ms?msid=202734398850949442153.0004d3448268161a5bfb1&amp;msa=0&amp;ll=68.334376,-9.84375&amp;spn=45.266552,158.027344&amp;iwloc=0004d344d0427b8cf1652\" target=\"_blank\">S\u00f6t\u00e5sa S\u00f6derg\u00e5rd<\/a>\u00a0 June\u00a018\u00a01841. She moved from there 19 years old, 1860 to <a href=\"https:\/\/maps.google.se\/maps\/ms?msid=202734398850949442153.0004d3448268161a5bfb1&amp;msa=0&amp;ll=68.334376,-9.84375&amp;spn=45.266552,158.027344&amp;iwloc=0004d3a538c2123ac92b1\" target=\"_blank\">Vireda<\/a>. She probably worked there as a maid.<\/p>\n<p style=\"text-align: center;\"><img loading=\"lazy\" decoding=\"async\" class=\"wp-image-172 aligncenter\" style=\"color: #333333; font-style: normal; line-height: 24px;\" title=\"Johanna born 1841 in S\u00f6t\u00e5sa\" alt=\"\" src=\"wp-content\/uploads\/2012\/11\/Johanna-f\u00f6dd-1841-omkr-1890.jpg\" width=\"150\" height=\"150\" \/><\/p>\n<p>23\/5 1863 she married the Soldier Sven Magnus Frid from\u00a0<a href=\"https:\/\/maps.google.se\/maps\/ms?msid=202734398850949442153.0004d3448268161a5bfb1&amp;msa=0&amp;ll=68.334376,-9.84375&amp;spn=102.836626,316.054688&amp;iwloc=0004d3a5bbd88d97a9c0b\" target=\"_blank\">F\u00f6r\u00e5s<\/a>\u00a0in Flisby, born 17\/10 1825- 16 year older than Johanna. She was 22 at the time. He brought one son, <a title=\"Isak Ludvig\" href=\"http:\/\/ancestry.smars.se\/?page_id=352\">Isak Ludvig<\/a> with him, into the marriage. Isak Ludvigs mother was Anna Margareta Andersdotter born 1811 but she died in breast inflammation 1861- 50 years old.<\/p>\n<p>Sven Magnus Frids Family name was Johannesson and Frid was his Soldiername. He joined the army 1847.<\/p>\n<p>He belonged to J\u00f6nk\u00f6pings regemente, Rote <a href=\"https:\/\/maps.google.se\/maps\/ms?msid=202734398850949442153.0004d3448268161a5bfb1&amp;msa=0&amp;ll=68.334376,-9.84375&amp;spn=102.836626,316.054688&amp;iwloc=0004d6b8fc0fd567d47ea\" target=\"_blank\">Ormaryd<\/a> 122, Company V\u00e4stra H\u00e4rad, Solberga socken (Parish). The Soldiers cottage no:\u00a0<strong>Torpnummer:\u00a0<\/strong>JR-00-0397<\/p>\n<address>They had 8 children together: They stayed for 13 years in <a href=\"https:\/\/maps.google.se\/maps\/ms?msid=202734398850949442153.0004d3448268161a5bfb1&amp;msa=0&amp;ll=68.334376,-9.84375&amp;spn=102.836626,316.054688&amp;iwloc=0004d3a5bbd88d97a9c0b\" target=\"_blank\">Flisby<\/a>\u00a0&#8211; the parish Sven Magnus came from, until about 1876 when they moved to Ormaryd,\u00a0Turlunda\u00a0soldiers cottage. The children were <a title=\"August Emil Tyden 13\/1 1865 \u2013 23\/11 1951\" href=\"http:\/\/ancestry.smars.se\/?page_id=178\" target=\"_blank\">August Emil<\/a>, who moved to the US 1863, 17 years old, <a title=\"Johan Edvard Tyden 3\/3 1867 \u2013 after 1930\" href=\"http:\/\/ancestry.smars.se\/?page_id=345\" target=\"_blank\">Johan Edvard<\/a> US 1885- 18 years old, <a title=\"Esther Tyden 24\/5 1869 \u2013\" href=\"http:\/\/ancestry.smars.se\/?page_id=349\" target=\"_blank\">Esther<\/a> who died 7 years old in brainfever, <a title=\"Oscar Henrik Tyden 2\/5 1871 \u2013 21\/4 1945\" href=\"http:\/\/ancestry.smars.se\/?page_id=355\" target=\"_blank\">Oscar Henrik<\/a>&#8211; US 1888- 17 years old, <a title=\"Karl Anders Tyden 14\/2 1874 \u2013 21\/4 1920\" href=\"http:\/\/ancestry.smars.se\/?page_id=361\" target=\"_blank\">Karl Anders<\/a>&#8211; US 1892-18 years old, <a title=\"Matilda Olivia Tyden 1\/12 1876 \u2013 23\/11 1942\" href=\"http:\/\/ancestry.smars.se\/?page_id=366\" target=\"_blank\">Matilda<\/a>&#8211; US- 16 years old, <a title=\"Axel Wilhelm Frid 26\/12 1879 \u2013 27\/9 1918\" href=\"http:\/\/ancestry.smars.se\/?page_id=363\" target=\"_blank\">Axel Wilhelm<\/a> &#8211; US 1903- 24 years old, <a title=\"Anna Alida Frid 7\/8 1882 \u2013 7\/8 1902\" href=\"http:\/\/ancestry.smars.se\/?page_id=369\" target=\"_blank\">Anna Alida<\/a>\u00a0who died only 20 years old 1902.<\/address>\n<p><img loading=\"lazy\" decoding=\"async\" class=\"size-medium wp-image-173 alignright\" style=\"color: #333333; font-style: normal; line-height: 24px;\" title=\"Johanna and  Sven Magnus Frid ni Flisby abt 1890\" alt=\"\" src=\"wp-content\/uploads\/2012\/11\/Johanna-och-Sven-Magnus-Frid-i-Flisby-omkr-1890-300x222.jpg\" width=\"300\" height=\"222\" srcset=\"https:\/\/ancestry.smars.se\/wp-content\/uploads\/2012\/11\/Johanna-och-Sven-Magnus-Frid-i-Flisby-omkr-1890-300x222.jpg 300w, https:\/\/ancestry.smars.se\/wp-content\/uploads\/2012\/11\/Johanna-och-Sven-Magnus-Frid-i-Flisby-omkr-1890-403x300.jpg 403w, https:\/\/ancestry.smars.se\/wp-content\/uploads\/2012\/11\/Johanna-och-Sven-Magnus-Frid-i-Flisby-omkr-1890.jpg 802w\" sizes=\"(max-width: 300px) 100vw, 300px\" \/><\/p>\n<div>\n<p>1885 the family moved from Ormaryds Soldattorp-Soldiers cottage no 122 in Turlunda to Backstugan <a href=\"https:\/\/maps.google.se\/maps\/ms?msid=202734398850949442153.0004d3448268161a5bfb1&amp;msa=0&amp;ll=68.334376,-9.84375&amp;spn=102.836626,316.054688&amp;iwloc=0004d4370614edd944b63\" target=\"_blank\">Fridhem, K\u00e4ttstorp<\/a> in Norra Solberga parish. He was said to be &#8216;avskedad&#8217; &#8211; called &#8216;Gratialist&#8217;<\/p>\n<div>\n<p>Sven Magnus died 10\/2 1908.<\/p>\n<p>1909 Johanna Maria moved to\u00a0the US,\u00a0she was then 68 years old. She was the last one of Johannes and Anna-Gretas children to move to the US. Only brother Johan August stayed in Sweden of them all. She took the name of her first son Emil, which was Tyden and she reunited with her siblings who had all moved there except for Johan August.<\/p>\n<div>1909 the emigration went\u00a0from Ormaryd<a href=\"https:\/\/maps.google.se\/maps\/ms?msid=202734398850949442153.0004d3448268161a5bfb1&amp;msa=0&amp;ll=62.267923,-9.84375&amp;spn=55.449382,158.027344&amp;iwloc=0004d6b8fc0fd567d47ea\" target=\"_blank\">,<\/a> Sweden and \u00a0she\u00a0came on the ship Laurentic<\/div>\n<div>,together with her son Emil and his wife Minnie and daughter Florence via Liverpool, England to Quebec, Canada-\u00a0Aug. 19. She registered her younger brother <a title=\"Johan August Johannisson 19\/11 1846 -1909\" href=\"http:\/\/ancestry.smars.se\/exempelsida\/johan-august\">Johan August <\/a>at Storrydet, Sweden, being her closest relative at place of origin.<\/div>\n<p><img loading=\"lazy\" decoding=\"async\" class=\"size-medium wp-image-4027 aligncenter\" title=\"BorderCrossingsFromCanadatoU.S.1895-1956ForJohannaTyden\" alt=\"\" src=\"wp-content\/uploads\/2012\/11\/BorderCrossingsFromCanadatoU.S.1895-1956ForJohannaTyden-289x300.jpg\" width=\"289\" height=\"300\" srcset=\"https:\/\/ancestry.smars.se\/wp-content\/uploads\/2012\/11\/BorderCrossingsFromCanadatoU.S.1895-1956ForJohannaTyden-289x300.jpg 289w, https:\/\/ancestry.smars.se\/wp-content\/uploads\/2012\/11\/BorderCrossingsFromCanadatoU.S.1895-1956ForJohannaTyden-987x1024.jpg 987w\" sizes=\"(max-width: 289px) 100vw, 289px\" \/><\/p>\n<div>\n<p><a href=\"wp-content\/uploads\/2012\/11\/Karta-Sverige-USA-1860-70tal-0011.jpg\"><img loading=\"lazy\" decoding=\"async\" class=\"size-thumbnail wp-image-3749 alignleft\" title=\"This is a advertisement map produced around 1860-70 and tells that the seaway is a bit shorter from Liverpool-Quebec but the landway is quite a bit farther to go to Chicago than from NewYork. \" alt=\"Karta Sverige USA 1860-70tal 001\" src=\"wp-content\/uploads\/2012\/11\/Karta-Sverige-USA-1860-70tal-0011-150x150.jpg\" width=\"150\" height=\"150\" \/><\/a><img loading=\"lazy\" decoding=\"async\" class=\"size-thumbnail wp-image-4031 alignright\" style=\"color: #333333; font-style: normal; line-height: 24px; text-align: start;\" title=\"The Laurentic_(ship)\" alt=\"\" src=\"wp-content\/uploads\/2012\/11\/StateLibQld_1_149967_Laurentic_ship-150x150.jpg\" width=\"150\" height=\"150\" \/><\/p>\n<p>In 1910 &#8211; one year later, she is registered staying with her son <a title=\"Johan Edvard Tyden 3\/3 1867 \u2013 after 1930\" href=\"http:\/\/ancestry.smars.se\/exempelsida\/johanna\/johan-edvard-tyden-33-1867-after-1930\">Johan Edvard<\/a> and his daughters in <a href=\"https:\/\/www.google.com\/maps\/ms?msid=202734398850949442153.0004d3448268161a5bfb1&amp;msa=0&amp;ll=63.154355,-33.222656&amp;spn=49.113927,158.027344&amp;iwloc=0004d6a25625ea0ebd920\" target=\"_blank\">Chicago, Illinois<\/a> and also her daughter <a title=\"Matilda Olivia Tyden 1\/12 1876 \u2013 23\/11 1942\" href=\"http:\/\/ancestry.smars.se\/exempelsida\/johanna\/matilda-olivia-tyden-112-1876-2311-1942\">Matilda &#8216;Tillie&#8217;,<\/a> 33 moves in when Johan Edvards wife dies that same year.<\/p>\n<div style=\"display: inline !important;\"><em id=\"__mceDel\"><em id=\"__mceDel\"><img loading=\"lazy\" decoding=\"async\" class=\"size-medium wp-image-176 aligncenter\" style=\"border-color: #bbbbbb; background-color: #eeeeee;\" title=\"The S\u00f6t\u00e5sa Sisters in the US : Johanna in the front middle\" alt=\"\" src=\"wp-content\/uploads\/2012\/11\/Systrarna-H\u00e5kansson2-300x199.png\" width=\"300\" height=\"199\" srcset=\"https:\/\/ancestry.smars.se\/wp-content\/uploads\/2012\/11\/Systrarna-H\u00e5kansson2-300x199.png 300w, https:\/\/ancestry.smars.se\/wp-content\/uploads\/2012\/11\/Systrarna-H\u00e5kansson2-1024x680.png 1024w, https:\/\/ancestry.smars.se\/wp-content\/uploads\/2012\/11\/Systrarna-H\u00e5kansson2-451x300.png 451w, https:\/\/ancestry.smars.se\/wp-content\/uploads\/2012\/11\/Systrarna-H\u00e5kansson2.png 1096w\" sizes=\"(max-width: 300px) 100vw, 300px\" \/>She seems to have been able to travel around and see her siblings as she came to the US.<\/em><\/em><\/div>\n<div style=\"display: inline !important;\"><\/div>\n<div style=\"display: inline !important;\"><em id=\"__mceDel\"><em id=\"__mceDel\">\u00a0<\/em><\/em><\/div>\n<div style=\"display: inline !important;\"><\/div>\n<\/div>\n<\/div>\n<\/div>\n<p style=\"text-align: center;\"><a href=\"wp-content\/uploads\/2012\/11\/Johanna-and-Emma-drinking-tea-together.jpg\"><img loading=\"lazy\" decoding=\"async\" class=\"size-full wp-image-3154 aligncenter\" title=\"Johanna and Emma drinking tea together (after 1909)\" alt=\"\" src=\"wp-content\/uploads\/2012\/11\/Johanna-and-Emma-drinking-tea-together.jpg\" width=\"160\" height=\"106\" \/><\/a><\/p>\n<p><em id=\"__mceDel\"><em id=\"__mceDel\"><em id=\"__mceDel\"><em id=\"__mceDel\"><em id=\"__mceDel\"><em id=\"__mceDel\"><em id=\"__mceDel\">She died June 20 1915 &#8211; 74 years old and is buried in <a href=\"https:\/\/maps.google.se\/maps\/ms?msid=202734398850949442153.0004d3448268161a5bfb1&amp;msa=0&amp;ll=68.334376,-9.84375&amp;spn=102.836626,316.054688&amp;iwloc=0004da268c85858dee1b0\" target=\"_blank\">Oakwoods cemetery<\/a>, Chicago<\/em><\/em><\/em><\/em><\/em><\/em><\/em><\/p>\n<div>\n<div style=\"display: inline !important;\">\n<div style=\"display: inline !important;\">\n<div style=\"display: inline !important;\">\n<div style=\"display: inline !important;\">\n<address style=\"display: inline !important;\"><em id=\"__mceDel\"><em id=\"__mceDel\"><em id=\"__mceDel\"><em id=\"__mceDel\"><em id=\"__mceDel\"><em id=\"__mceDel\"><em id=\"__mceDel\"><em id=\"__mceDel\"><em id=\"__mceDel\"><em>( Source of Soldiers: CENTRALA SOLDATREGISTRET\u00a0<\/em><em>R\u00f6da huset\/Vallehemmet<\/em><\/em><\/em><\/em><\/em><\/em><\/em><\/em><\/em><\/em><\/address>\n<\/div>\n<\/div>\n<\/div>\n<p><em id=\"__mceDel\"><em id=\"__mceDel\"><em id=\"__mceDel\"><em id=\"__mceDel\"><em>532 02 AXVALL\u00a0<\/em><em>+46 511-41 42 82 eller 41 42 81)<\/em><\/em><\/em><\/em><\/em><\/p>\n<\/div>\n<\/div>\n<address>\u00a0<\/address>\n<address>\u00a0<\/address>\n","protected":false},"excerpt":{"rendered":"<p>Cover picture: Johanna in the middle with her sisters on her sides after she came to the US. Johanna was born in\u00a0S\u00f6t\u00e5sa S\u00f6derg\u00e5rd\u00a0 June\u00a018\u00a01841. She moved from there 19 years old, 1860 to Vireda. She probably worked there as a &hellip; <a href=\"https:\/\/ancestry.smars.se\/?page_id=96\">Continue reading <span class=\"meta-nav\">&rarr;<\/span><\/a><\/p>\n","protected":false},"author":1,"featured_media":201,"parent":2,"menu_order":4,"comment_status":"open","ping_status":"open","template":"","meta":{"footnotes":""},"class_list":["post-96","page","type-page","status-publish","has-post-thumbnail","hentry"],"_links":{"self":[{"href":"https:\/\/ancestry.smars.se\/index.php?rest_route=\/wp\/v2\/pages\/96"}],"collection":[{"href":"https:\/\/ancestry.smars.se\/index.php?rest_route=\/wp\/v2\/pages"}],"about":[{"href":"https:\/\/ancestry.smars.se\/index.php?rest_route=\/wp\/v2\/types\/page"}],"author":[{"embeddable":true,"href":"https:\/\/ancestry.smars.se\/index.php?rest_route=\/wp\/v2\/users\/1"}],"replies":[{"embeddable":true,"href":"https:\/\/ancestry.smars.se\/index.php?rest_route=%2Fwp%2Fv2%2Fcomments&post=96"}],"version-history":[{"count":73,"href":"https:\/\/ancestry.smars.se\/index.php?rest_route=\/wp\/v2\/pages\/96\/revisions"}],"predecessor-version":[{"id":171,"href":"https:\/\/ancestry.smars.se\/index.php?rest_route=\/wp\/v2\/pages\/96\/revisions\/171"}],"up":[{"embeddable":true,"href":"https:\/\/ancestry.smars.se\/index.php?rest_route=\/wp\/v2\/pages\/2"}],"wp:featuredmedia":[{"embeddable":true,"href":"https:\/\/ancestry.smars.se\/index.php?rest_route=\/wp\/v2\/media\/201"}],"wp:attachment":[{"href":"https:\/\/ancestry.smars.se\/index.php?rest_route=%2Fwp%2Fv2%2Fmedia&parent=96"}],"curies":[{"name":"wp","href":"https:\/\/api.w.org\/{rel}","templated":true}]}}

<p><em>Cover picture: Johanna in the middle with her sisters on her sides after she came to the US.</em></p>
<p>Johanna was born in <a href="https://maps.google.se/maps/ms?msid=202734398850949442153.0004d3448268161a5bfb1&amp;msa=0&amp;ll=68.334376,-9.84375&amp;spn=45.266552,158.027344&amp;iwloc=0004d344d0427b8cf1652" target="_blank">Sötåsa Södergård</a>  June 18 1841. She moved from there 19 years old, 1860 to <a href="https://maps.google.se/maps/ms?msid=202734398850949442153.0004d3448268161a5bfb1&amp;msa=0&amp;ll=68.334376,-9.84375&amp;spn=45.266552,158.027344&amp;iwloc=0004d3a538c2123ac92b1" target="_blank">Vireda</a>. She probably worked there as a maid.</p>
<p style="text-align: center;"><img loading="lazy" decoding="async" class="wp-image-172 aligncenter" style="color: #333333; font-style: normal; line-height: 24px;" title="Johanna born 1841 in Sötåsa" alt="" src="wp-content/uploads/2012/11/Johanna-född-1841-omkr-1890.jpg" width="150" height="150" /></p>
<p>23/5 1863 she married the Soldier Sven Magnus Frid from <a href="https://maps.google.se/maps/ms?msid=202734398850949442153.0004d3448268161a5bfb1&amp;msa=0&amp;ll=68.334376,-9.84375&amp;spn=102.836626,316.054688&amp;iwloc=0004d3a5bbd88d97a9c0b" target="_blank">Förås</a> in Flisby, born 17/10 1825- 16 year older than Johanna. She was 22 at the time. He brought one son, <a title="Isak Ludvig" href="http://ancestry.smars.se/?page_id=352">Isak Ludvig</a> with him, into the marriage. Isak Ludvigs mother was Anna Margareta Andersdotter born 1811 but she died in breast inflammation 1861- 50 years old.</p>
<p>Sven Magnus Frids Family name was Johannesson and Frid was his Soldiername. He joined the army 1847.</p>
<p>He belonged to Jönköpings regemente, Rote <a href="https://maps.google.se/maps/ms?msid=202734398850949442153.0004d3448268161a5bfb1&amp;msa=0&amp;ll=68.334376,-9.84375&amp;spn=102.836626,316.054688&amp;iwloc=0004d6b8fc0fd567d47ea" target="_blank">Ormaryd</a> 122, Company Västra Härad, Solberga socken (Parish). The Soldiers cottage no: <strong>Torpnummer: </strong>JR-00-0397</p>
<address>They had 8 children together: They stayed for 13 years in <a href="https://maps.google.se/maps/ms?msid=202734398850949442153.0004d3448268161a5bfb1&amp;msa=0&amp;ll=68.334376,-9.84375&amp;spn=102.836626,316.054688&amp;iwloc=0004d3a5bbd88d97a9c0b" target="_blank">Flisby</a> &#8211; the parish Sven Magnus came from, until about 1876 when they moved to Ormaryd, Turlunda soldiers cottage. The children were <a title="August Emil Tyden 13/1 1865 – 23/11 1951" href="http://ancestry.smars.se/?page_id=178" target="_blank">August Emil</a>, who moved to the US 1863, 17 years old, <a title="Johan Edvard Tyden 3/3 1867 – after 1930" href="http://ancestry.smars.se/?page_id=345" target="_blank">Johan Edvard</a> US 1885- 18 years old, <a title="Esther Tyden 24/5 1869 –" href="http://ancestry.smars.se/?page_id=349" target="_blank">Esther</a> who died 7 years old in brainfever, <a title="Oscar Henrik Tyden 2/5 1871 – 21/4 1945" href="http://ancestry.smars.se/?page_id=355" target="_blank">Oscar Henrik</a>&#8211; US 1888- 17 years old, <a title="Karl Anders Tyden 14/2 1874 – 21/4 1920" href="http://ancestry.smars.se/?page_id=361" target="_blank">Karl Anders</a>&#8211; US 1892-18 years old, <a title="Matilda Olivia Tyden 1/12 1876 – 23/11 1942" href="http://ancestry.smars.se/?page_id=366" target="_blank">Matilda</a>&#8211; US- 16 years old, <a title="Axel Wilhelm Frid 26/12 1879 – 27/9 1918" href="http://ancestry.smars.se/?page_id=363" target="_blank">Axel Wilhelm</a> &#8211; US 1903- 24 years old, <a title="Anna Alida Frid 7/8 1882 – 7/8 1902" href="http://ancestry.smars.se/?page_id=369" target="_blank">Anna Alida</a> who died only 20 years old 1902.</address>
<p><img loading="lazy" decoding="async" class="size-medium wp-image-173 alignright" style="color: #333333; font-style: normal; line-height: 24px;" title="Johanna and  Sven Magnus Frid ni Flisby abt 1890" alt="" src="wp-content/uploads/2012/11/Johanna-och-Sven-Magnus-Frid-i-Flisby-omkr-1890-300x222.jpg" width="300" height="222" srcset="https://ancestry.smars.se/wp-content/uploads/2012/11/Johanna-och-Sven-Magnus-Frid-i-Flisby-omkr-1890-300x222.jpg 300w, https://ancestry.smars.se/wp-content/uploads/2012/11/Johanna-och-Sven-Magnus-Frid-i-Flisby-omkr-1890-403x300.jpg 403w, https://ancestry.smars.se/wp-content/uploads/2012/11/Johanna-och-Sven-Magnus-Frid-i-Flisby-omkr-1890.jpg 802w" sizes="(max-width: 300px) 100vw, 300px" /></p>
<div>
<p>1885 the family moved from Ormaryds Soldattorp-Soldiers cottage no 122 in Turlunda to Backstugan <a href="https://maps.google.se/maps/ms?msid=202734398850949442153.0004d3448268161a5bfb1&amp;msa=0&amp;ll=68.334376,-9.84375&amp;spn=102.836626,316.054688&amp;iwloc=0004d4370614edd944b63" target="_blank">Fridhem, Kättstorp</a> in Norra Solberga parish. He was said to be &#8216;avskedad&#8217; &#8211; called &#8216;Gratialist&#8217;</p>
<div>
<p>Sven Magnus died 10/2 1908.</p>
<p>1909 Johanna Maria moved to the US, she was then 68 years old. She was the last one of Johannes and Anna-Gretas children to move to the US. Only brother Johan August stayed in Sweden of them all. She took the name of her first son Emil, which was Tyden and she reunited with her siblings who had all moved there except for Johan August.</p>
<div>1909 the emigration went from Ormaryd<a href="https://maps.google.se/maps/ms?msid=202734398850949442153.0004d3448268161a5bfb1&amp;msa=0&amp;ll=62.267923,-9.84375&amp;spn=55.449382,158.027344&amp;iwloc=0004d6b8fc0fd567d47ea" target="_blank">,</a> Sweden and  she came on the ship Laurentic</div>
<div>,together with her son Emil and his wife Minnie and daughter Florence via Liverpool, England to Quebec, Canada- Aug. 19. She registered her younger brother <a title="Johan August Johannisson 19/11 1846 -1909" href="http://ancestry.smars.se/exempelsida/johan-august">Johan August </a>at Storrydet, Sweden, being her closest relative at place of origin.</div>
<p><img loading="lazy" decoding="async" class="size-medium wp-image-4027 aligncenter" title="BorderCrossingsFromCanadatoU.S.1895-1956ForJohannaTyden" alt="" src="wp-content/uploads/2012/11/BorderCrossingsFromCanadatoU.S.1895-1956ForJohannaTyden-289x300.jpg" width="289" height="300" srcset="https://ancestry.smars.se/wp-content/uploads/2012/11/BorderCrossingsFromCanadatoU.S.1895-1956ForJohannaTyden-289x300.jpg 289w, https://ancestry.smars.se/wp-content/uploads/2012/11/BorderCrossingsFromCanadatoU.S.1895-1956ForJohannaTyden-987x1024.jpg 987w" sizes="(max-width: 289px) 100vw, 289px" /></p>
<div>
<p><a href="wp-content/uploads/2012/11/Karta-Sverige-USA-1860-70tal-0011.jpg"><img loading="lazy" decoding="async" class="size-thumbnail wp-image-3749 alignleft" title="This is a advertisement map produced around 1860-70 and tells that the seaway is a bit shorter from Liverpool-Quebec but the landway is quite a bit farther to go to Chicago than from NewYork. " alt="Karta Sverige USA 1860-70tal 001" src="wp-content/uploads/2012/11/Karta-Sverige-USA-1860-70tal-0011-150x150.jpg" width="150" height="150" /></a><img loading="lazy" decoding="async" class="size-thumbnail wp-image-4031 alignright" style="color: #333333; font-style: normal; line-height: 24px; text-align: start;" title="The Laurentic_(ship)" alt="" src="wp-content/uploads/2012/11/StateLibQld_1_149967_Laurentic_ship-150x150.jpg" width="150" height="150" /></p>
<p>In 1910 &#8211; one year later, she is registered staying with her son <a title="Johan Edvard Tyden 3/3 1867 – after 1930" href="http://ancestry.smars.se/exempelsida/johanna/johan-edvard-tyden-33-1867-after-1930">Johan Edvard</a> and his daughters in <a href="https://www.google.com/maps/ms?msid=202734398850949442153.0004d3448268161a5bfb1&amp;msa=0&amp;ll=63.154355,-33.222656&amp;spn=49.113927,158.027344&amp;iwloc=0004d6a25625ea0ebd920" target="_blank">Chicago, Illinois</a> and also her daughter <a title="Matilda Olivia Tyden 1/12 1876 – 23/11 1942" href="http://ancestry.smars.se/exempelsida/johanna/matilda-olivia-tyden-112-1876-2311-1942">Matilda &#8216;Tillie&#8217;,</a> 33 moves in when Johan Edvards wife dies that same year.</p>
<div style="display: inline !important;"><em id="__mceDel"><em id="__mceDel"><img loading="lazy" decoding="async" class="size-medium wp-image-176 aligncenter" style="border-color: #bbbbbb; background-color: #eeeeee;" title="The Sötåsa Sisters in the US : Johanna in the front middle" alt="" src="wp-content/uploads/2012/11/Systrarna-Håkansson2-300x199.png" width="300" height="199" srcset="https://ancestry.smars.se/wp-content/uploads/2012/11/Systrarna-Håkansson2-300x199.png 300w, https://ancestry.smars.se/wp-content/uploads/2012/11/Systrarna-Håkansson2-1024x680.png 1024w, https://ancestry.smars.se/wp-content/uploads/2012/11/Systrarna-Håkansson2-451x300.png 451w, https://ancestry.smars.se/wp-content/uploads/2012/11/Systrarna-Håkansson2.png 1096w" sizes="(max-width: 300px) 100vw, 300px" />She seems to have been able to travel around and see her siblings as she came to the US.</em></em></div>
<div style="display: inline !important;"></div>
<div style="display: inline !important;"><em id="__mceDel"><em id="__mceDel"> </em></em></div>
<div style="display: inline !important;"></div>
</div>
</div>
</div>
<p style="text-align: center;"><a href="wp-content/uploads/2012/11/Johanna-and-Emma-drinking-tea-together.jpg"><img loading="lazy" decoding="async" class="size-full wp-image-3154 aligncenter" title="Johanna and Emma drinking tea together (after 1909)" alt="" src="wp-content/uploads/2012/11/Johanna-and-Emma-drinking-tea-together.jpg" width="160" height="106" /></a></p>
<p><em id="__mceDel"><em id="__mceDel"><em id="__mceDel"><em id="__mceDel"><em id="__mceDel"><em id="__mceDel"><em id="__mceDel">She died June 20 1915 &#8211; 74 years old and is buried in <a href="https://maps.google.se/maps/ms?msid=202734398850949442153.0004d3448268161a5bfb1&amp;msa=0&amp;ll=68.334376,-9.84375&amp;spn=102.836626,316.054688&amp;iwloc=0004da268c85858dee1b0" target="_blank">Oakwoods cemetery</a>, Chicago</em></em></em></em></em></em></em></p>
<div>
<div style="display: inline !important;">
<div style="display: inline !important;">
<div style="display: inline !important;">
<div style="display: inline !important;">
<address style="display: inline !important;"><em id="__mceDel"><em id="__mceDel"><em id="__mceDel"><em id="__mceDel"><em id="__mceDel"><em id="__mceDel"><em id="__mceDel"><em id="__mceDel"><em id="__mceDel"><em>( Source of Soldiers: CENTRALA SOLDATREGISTRET </em><em>Röda huset/Vallehemmet</em></em></em></em></em></em></em></em></em></em></address>
</div>
</div>
</div>
<p><em id="__mceDel"><em id="__mceDel"><em id="__mceDel"><em id="__mceDel"><em>532 02 AXVALL </em><em>+46 511-41 42 82 eller 41 42 81)</em></em></em></em></em></p>
</div>
</div>
<address> </address>
<address> </address>

<p>Cover picture: Johanna in the middle with her sisters on her sides after she came to the US. Johanna was born in Sötåsa Södergård  June 18 1841. She moved from there 19 years old, 1860 to Vireda. She probably worked there as a &hellip; <a href="https://ancestry.smars.se/?page_id=96">Continue reading <span class="meta-nav">&rarr;</span></a></p>
