{"id":673,"date":"2013-01-22T21:01:07","date_gmt":"2013-01-22T21:01:07","guid":{"rendered":"http:\/\/ancestry.smars.se\/?page_id=673"},"modified":"2013-01-22T21:03:16","modified_gmt":"2013-01-22T21:03:16","slug":"per-bengtsson-304-1721-linderas","status":"publish","type":"page","link":"https:\/\/ancestry.smars.se\/?page_id=673","title":{"rendered":"Per Bengtsson 30\/4 1721 Linder\u00e5s"},"content":{"rendered":"<p>Per was born 30\/4 in \u00c4ngarp, Linder\u00e5s 1721.<\/p>\n<p>He married Annika Nilsdotter.<\/p>\n<p>They had a son: Samuel H\u00f6rling who became a soldier.<\/p>\n","protected":false},"excerpt":{"rendered":"<p>Per was born 30\/4 in \u00c4ngarp, Linder\u00e5s 1721. He married Annika Nilsdotter. They had a son: Samuel H\u00f6rling who became a soldier.<\/p>\n","protected":false},"author":1,"featured_media":0,"parent":578,"menu_order":1,"comment_status":"open","ping_status":"open","template":"","meta":{"footnotes":""},"class_list":["post-673","page","type-page","status-publish","hentry"],"_links":{"self":[{"href":"https:\/\/ancestry.smars.se\/index.php?rest_route=\/wp\/v2\/pages\/673"}],"collection":[{"href":"https:\/\/ancestry.smars.se\/index.php?rest_route=\/wp\/v2\/pages"}],"about":[{"href":"https:\/\/ancestry.smars.se\/index.php?rest_route=\/wp\/v2\/types\/page"}],"author":[{"embeddable":true,"href":"https:\/\/ancestry.smars.se\/index.php?rest_route=\/wp\/v2\/users\/1"}],"replies":[{"embeddable":true,"href":"https:\/\/ancestry.smars.se\/index.php?rest_route=%2Fwp%2Fv2%2Fcomments&post=673"}],"version-history":[{"count":4,"href":"https:\/\/ancestry.smars.se\/index.php?rest_route=\/wp\/v2\/pages\/673\/revisions"}],"predecessor-version":[{"id":676,"href":"https:\/\/ancestry.smars.se\/index.php?rest_route=\/wp\/v2\/pages\/673\/revisions\/676"}],"up":[{"embeddable":true,"href":"https:\/\/ancestry.smars.se\/index.php?rest_route=\/wp\/v2\/pages\/578"}],"wp:attachment":[{"href":"https:\/\/ancestry.smars.se\/index.php?rest_route=%2Fwp%2Fv2%2Fmedia&parent=673"}],"curies":[{"name":"wp","href":"https:\/\/api.w.org\/{rel}","templated":true}]}}

Per Bengtsson 30/4 1721 Linderås

<p>Per was born 30/4 in Ängarp, Linderås 1721.</p>
<p>He married Annika Nilsdotter.</p>
<p>They had a son: Samuel Hörling who became a soldier.</p>

<p>Per was born 30/4 in Ängarp, Linderås 1721. He married Annika Nilsdotter. They had a son: Samuel Hörling who became a soldier.</p>
