{"id":578,"date":"2013-01-12T18:33:48","date_gmt":"2013-01-12T18:33:48","guid":{"rendered":"http:\/\/ancestry.smars.se\/?page_id=578"},"modified":"2013-03-18T19:08:07","modified_gmt":"2013-03-18T19:08:07","slug":"samuel-horling-linderas","status":"publish","type":"page","link":"https:\/\/ancestry.smars.se\/?page_id=578","title":{"rendered":"Samuel H\u00f6rding Persson 28\/3 1756\/58 Linder\u00e5s"},"content":{"rendered":"<p>Samuel H\u00f6rding Persson was born 28\/3 in\u00a0S\u00e4nninge, Linder\u00e5s.<\/p>\n<p>He married Christina Nilsdotter from Dockarp 27\/12 1777 one year before Sara was born- the mother of Anna-Greta. He was then 21 years old. They had 4 children:\u00a0<a href=\"http:\/\/ancestry.smars.se\/wp-admin\/post.php?post=572&amp;action=edit&amp;message=1\">Sara Samuelsdotter<\/a>\u00a01772-1860(- the mother of Anna-Greta,) Samuel H\u00f6rding 1781-, Anders H\u00f6rding 1784-, Johannes H\u00f6rding 1787-1860<\/p>\n<p>He became a soldier Nr 65 in Norra Wedbo Compani, H\u00f6gem\u00e5len soldattorp in Linder\u00e5s. He was 175 cm tall. He was commanded to the Russian war 1788-1790 under Gustav III. He walked from Skillingaryd to Carlskrona and took part in the battle of Hogland.\u00a0A fleet of 15 swedish ships were on their way the\u00a0<a title=\"17 juli\" href=\"http:\/\/sv.wikipedia.org\/wiki\/17_juli\">17 juli<\/a>\u00a0<a title=\"1788\" href=\"http:\/\/sv.wikipedia.org\/wiki\/1788\">1788<\/a>\u00a0to attack\u00a0Sankt Petersburg\u00a0but met a fleet of 17 ships from the russian fleet at Hogland. After a day of cannon fire not one ship was shot down, but each side had succeeded to conquer a ship each from the other side. They both proclaimed victory.\u00a0<a href=\"wp-content\/uploads\/2013\/01\/Hoglandbattle.jpg\"><img loading=\"lazy\" decoding=\"async\" class=\"alignnone size-thumbnail wp-image-784\" title=\"Hoglandbattle\" src=\"wp-content\/uploads\/2013\/01\/Hoglandbattle-150x150.jpg\" alt=\"\" width=\"150\" height=\"150\" \/><\/a><\/p>\n<p>Samuel then continued into Finland i august 1788 to Ratela\u00f6 (?). After that he continued to Svenskby in april 1789 (?) and were part of the battle of Kuopio during the winter 1789-90 and stayed in territories behind Kymmine. There was a peacecommand 1786 at the camp of Bonarp.(?)<\/p>\n<p>He died 8\/2 1790 &#8211;\u00a033 years old in Finland. (?*)<\/p>\n<p>Samuel probably had a brother Lars H\u00f6rding 1766- 1808 27\/12. He belonged to the same Company Norra Vedbo. He was married to Catharina Johansdotter born 14\/2 1772<\/p>\n<p>Act no in Soldatregister. :<\/p>\n<table border=\"0\" cellspacing=\"0\" cellpadding=\"1\">\n<tbody>\n<tr>\n<td>JR-00-0204-1790<\/td>\n<\/tr>\n<\/tbody>\n<\/table>\n<p>Sources:<\/p>\n<p>*http:\/\/wisberg.se\/wisberg.se\/Stig\/a9092010a.html<\/p>\n<table>\n<tbody>\n<tr>\n<td id=\"Source2\"><\/td>\n<td>Sm\u00e5lands soldatregister aktnr JR-00-0203-1777<\/td>\n<\/tr>\n<\/tbody>\n<\/table>\n<p>Press\u00a0<a href=\"https:\/\/maps.google.com\/maps\/ms?msa=0&amp;msid=202734398850949442153.0004d3448268161a5bfb1&amp;hl=sv&amp;ie=UTF8&amp;t=m&amp;source=embed&amp;ll=51.062958,-33.36595&amp;spn=19.104647,119.658537&amp;iwloc=0004d3b9bec16d6894c19\">annagreta and johannes ancestors and descendants<\/a>\u00a0for map<\/p>\n","protected":false},"excerpt":{"rendered":"<p>Samuel H\u00f6rding Persson was born 28\/3 in\u00a0S\u00e4nninge, Linder\u00e5s. He married Christina Nilsdotter from Dockarp 27\/12 1777 one year before Sara was born- the mother of Anna-Greta. He was then 21 years old. They had 4 children:\u00a0Sara Samuelsdotter\u00a01772-1860(- the mother of &hellip; <a href=\"https:\/\/ancestry.smars.se\/?page_id=578\">Continue reading <span class=\"meta-nav\">&rarr;<\/span><\/a><\/p>\n","protected":false},"author":1,"featured_media":0,"parent":572,"menu_order":1,"comment_status":"open","ping_status":"open","template":"","meta":{"footnotes":""},"class_list":["post-578","page","type-page","status-publish","hentry"],"_links":{"self":[{"href":"https:\/\/ancestry.smars.se\/index.php?rest_route=\/wp\/v2\/pages\/578"}],"collection":[{"href":"https:\/\/ancestry.smars.se\/index.php?rest_route=\/wp\/v2\/pages"}],"about":[{"href":"https:\/\/ancestry.smars.se\/index.php?rest_route=\/wp\/v2\/types\/page"}],"author":[{"embeddable":true,"href":"https:\/\/ancestry.smars.se\/index.php?rest_route=\/wp\/v2\/users\/1"}],"replies":[{"embeddable":true,"href":"https:\/\/ancestry.smars.se\/index.php?rest_route=%2Fwp%2Fv2%2Fcomments&post=578"}],"version-history":[{"count":20,"href":"https:\/\/ancestry.smars.se\/index.php?rest_route=\/wp\/v2\/pages\/578\/revisions"}],"predecessor-version":[{"id":1350,"href":"https:\/\/ancestry.smars.se\/index.php?rest_route=\/wp\/v2\/pages\/578\/revisions\/1350"}],"up":[{"embeddable":true,"href":"https:\/\/ancestry.smars.se\/index.php?rest_route=\/wp\/v2\/pages\/572"}],"wp:attachment":[{"href":"https:\/\/ancestry.smars.se\/index.php?rest_route=%2Fwp%2Fv2%2Fmedia&parent=578"}],"curies":[{"name":"wp","href":"https:\/\/api.w.org\/{rel}","templated":true}]}}