{"id":565,"date":"2013-01-11T20:19:59","date_gmt":"2013-01-11T20:19:59","guid":{"rendered":"http:\/\/ancestry.smars.se\/?page_id=565"},"modified":"2013-01-24T18:06:40","modified_gmt":"2013-01-24T18:06:40","slug":"jons-1550","status":"publish","type":"page","link":"https:\/\/ancestry.smars.se\/?page_id=565","title":{"rendered":"J\u00f6ns  1550"},"content":{"rendered":"<p>J\u00f6ns was the father of Marit.<\/p>\n<p>He died at Levde.<\/p>\n<p>J\u00f6ns lived during Gustav Vasas reign (1523 -60). After him comes his sons Erik, Karl and Johan and Magnus who fights for the power with each other. 1550 the Russians break into the Swedish Finland but Sweden settles for peace with them 1557.<\/p>\n<p>In Sm\u00e5land where J\u00f6ns probably lived, times were unstable and the farmers were stubborn people who opposed the reigning kings. Dackefejden 1542-43 was such a rebellion led by a Sm\u00e5land farmer, Nils Dacke from southern Sm\u00e5land &#8211; they opposed against the taxes forced by Gustav Vasa. Sm\u00e5land had been quite independent before Gustav Vasa took over 1523. The decades following were economically hard and the people suffered. Sm\u00e5land was hit hard by the Swedish-Danish wars taking place 1500-1600-centuries.<\/p>\n<p>Sweden is since 1527 protestantic dominantly. The Lutheran Church is the State church.<\/p>\n<p><a href=\"wp-content\/uploads\/2013\/01\/Gustav_Vasa1.jpg\"><img loading=\"lazy\" decoding=\"async\" class=\"alignright size-thumbnail wp-image-715\" title=\"Gustav_Vasa\" src=\"wp-content\/uploads\/2013\/01\/Gustav_Vasa1-150x150.jpg\" alt=\"\" width=\"150\" height=\"150\" \/><\/a><\/p>\n","protected":false},"excerpt":{"rendered":"<p>J\u00f6ns was the father of Marit. He died at Levde. J\u00f6ns lived during Gustav Vasas reign (1523 -60). After him comes his sons Erik, Karl and Johan and Magnus who fights for the power with each other. 1550 the Russians &hellip; <a href=\"https:\/\/ancestry.smars.se\/?page_id=565\">Continue reading <span class=\"meta-nav\">&rarr;<\/span><\/a><\/p>\n","protected":false},"author":1,"featured_media":715,"parent":563,"menu_order":1,"comment_status":"open","ping_status":"open","template":"","meta":{"footnotes":""},"class_list":["post-565","page","type-page","status-publish","has-post-thumbnail","hentry"],"_links":{"self":[{"href":"https:\/\/ancestry.smars.se\/index.php?rest_route=\/wp\/v2\/pages\/565"}],"collection":[{"href":"https:\/\/ancestry.smars.se\/index.php?rest_route=\/wp\/v2\/pages"}],"about":[{"href":"https:\/\/ancestry.smars.se\/index.php?rest_route=\/wp\/v2\/types\/page"}],"author":[{"embeddable":true,"href":"https:\/\/ancestry.smars.se\/index.php?rest_route=\/wp\/v2\/users\/1"}],"replies":[{"embeddable":true,"href":"https:\/\/ancestry.smars.se\/index.php?rest_route=%2Fwp%2Fv2%2Fcomments&post=565"}],"version-history":[{"count":7,"href":"https:\/\/ancestry.smars.se\/index.php?rest_route=\/wp\/v2\/pages\/565\/revisions"}],"predecessor-version":[{"id":727,"href":"https:\/\/ancestry.smars.se\/index.php?rest_route=\/wp\/v2\/pages\/565\/revisions\/727"}],"up":[{"embeddable":true,"href":"https:\/\/ancestry.smars.se\/index.php?rest_route=\/wp\/v2\/pages\/563"}],"wp:featuredmedia":[{"embeddable":true,"href":"https:\/\/ancestry.smars.se\/index.php?rest_route=\/wp\/v2\/media\/715"}],"wp:attachment":[{"href":"https:\/\/ancestry.smars.se\/index.php?rest_route=%2Fwp%2Fv2%2Fmedia&parent=565"}],"curies":[{"name":"wp","href":"https:\/\/api.w.org\/{rel}","templated":true}]}}