{"id":378,"date":"2012-12-17T19:10:07","date_gmt":"2012-12-17T19:10:07","guid":{"rendered":"http:\/\/ancestry.smars.se\/?page_id=378"},"modified":"2013-12-27T08:51:05","modified_gmt":"2013-12-27T08:51:05","slug":"johan-peterson-142-1873","status":"publish","type":"page","link":"https:\/\/ancestry.smars.se\/?page_id=378","title":{"rendered":"Johan Emil Peterson 14\/2 1873 &#8211;"},"content":{"rendered":"<p>Johan Emil \u00a0was born in Vireda Parish. He was the only child who lived to be grown up, of <a title=\"Ida Charlotta April 8 1845 -\" href=\"http:\/\/ancestry.smars.se\/exempelsida\/ida-charlotta\" target=\"_blank\">Ida Charlotta<\/a>s and Joh. Frans 3 sons. The younger sons died as babies.<\/p>\n<p>Johan Emils father Joh. Frans died in lung-tuberculosis when Johan Emil was 4 years old.<\/p>\n<p>His mother took him along back to her home to Adel\u00f6v parish after this. They stayed with her sister Christinas family at \u00d6nnestorp and later to his Grandparents at S\u00f6t\u00e5sa.<\/p>\n<p>At the age of 9, his mother took him along and moved to the US- \u00a0April\/May 1882- together with his mother and his cousin<a title=\"August Emil Frid \/ Tyden 13\/1 1865 \u2013 23\/11 1951\" href=\"http:\/\/ancestry.smars.se\/exempelsida\/johanna\/emil-tyden\" target=\"_blank\"> Emil Frid Tyden<\/a> who was 17years old. They settled in Moline, Rock island, Illinois where his mothers sister<a title=\"Hedda \u2018Hattie\u2019 LOVISA\/e Isacsson 13\/6 1843 \u2013 3\/1 1926\" href=\"http:\/\/ancestry.smars.se\/exempelsida\/hedda-lovisa\" target=\"_blank\"> Hedda Lovisa <\/a>and<a title=\"Lottie Jaensson\/Johnson- Augusta Charlotta 7\/1 1850 \u2013 7\/4 1931\" href=\"http:\/\/ancestry.smars.se\/exempelsida\/lottie-augusta-charlotta\" target=\"_blank\"> Lottie<\/a> lived since over 10 years.<\/p>\n<p>1900 &#8211; at the age of 26, he is <a href=\"http:\/\/interactive.ancestry.com\/7602\/004113798_00023\/1133378?backurl=http%3a%2f%2ftrees.ancestry.com%2ftree%2f39328234%2fperson%2f28034100533%2fhintlist%2fpending%3fpg%3d32799%26msg%3dntm%26msgParams%3d%257c2%257c2%257c%26mpid%3d28034100533%26shid%3d24939699499%26nec%3d1%26mdbid%3d7602%26mrpid%3d1133378&amp;ssrc=&amp;backlabel=ReturnToTree\" target=\"_blank\">registered<\/a> still living with his mother in Moline. A same-aged Swedish friend, Charles Edwall, is registered at their household. They were both working as &#8216;Implement fitters&#8217; at the time.<\/p>\n<p>He belonged to the First Covenant Church.<\/p>\n<p>FAMILY:<\/p>\n<p>At 1906 he marries Emma C Swenson born 1882 and they have 3 children:\u00a0<a title=\"Nina Peterson 1907 \u2013 Before Oct 1994\" href=\"http:\/\/ancestry.smars.se\/?page_id=381\">Nina<\/a>\u00a01907,\u00a0<a title=\"Burdette Peterson 5\/5 1909 \u2013 14\/10 1994\" href=\"http:\/\/ancestry.smars.se\/?page_id=383\">Burdette<\/a>\u00a01909 and\u00a0<a title=\"Earl Peterson 26\/12 1912 \u2013 8\/8 1997\" href=\"http:\/\/ancestry.smars.se\/?page_id=385\">Earl<\/a>\u00a0Petersen 1912.<\/p>\n<p>WORK:<\/p>\n<p>He worked as a Tool and die maker at\u00a0Try Laundry Machinery Company in Moline, Illinois<\/p>\n<p>In 1920- 47 years old- he is a\u00a0Manager of a plow works at Quincy, Adams County, Illinois,<\/p>\n<p>In 1930, at 57 years of age he is a superintendent of a fur farm; Superintendent of a fur farm; \u00a0and lived at Audubon Ave. Jackson City, Michigan<br \/>\nHe has one grand-child:\u00a0<a title=\"John Hunt Peterson 1942 \u2013\" href=\"http:\/\/ancestry.smars.se\/exempelsida\/ida-charlotta\/johan-peterson-142-1873\/burdette-peterson-55-1909-1410-1994\/john-hunt-peterson-1942\" target=\"_blank\">John Hunt Peterson<\/a>, an adopted son born 1942.<\/p>\n<p>&nbsp;<\/p>\n<table style=\"width: 100%;\" border=\"0\" cellspacing=\"0\" cellpadding=\"0\">\n<tbody>\n<tr>\n<td valign=\"top\" width=\"25%\"><\/td>\n<td valign=\"top\" width=\"60%\"><sup><a href=\"file:\/\/\/C:\/Users\/Annika\/Downloads\/Johan%20Emil%20Peterson.rtf#ENDNOTE_2\">\u00a0<\/a><\/sup><\/td>\n<\/tr>\n<tr>\n<td valign=\"top\" width=\"25%\"><\/td>\n<td valign=\"top\" width=\"60%\"><\/td>\n<\/tr>\n<tr>\n<td valign=\"top\" width=\"25%\"><\/td>\n<td valign=\"top\" width=\"60%\"><\/td>\n<\/tr>\n<tr>\n<td valign=\"top\" width=\"25%\"><\/td>\n<td valign=\"top\" width=\"60%\"><\/td>\n<\/tr>\n<\/tbody>\n<\/table>\n<table style=\"width: 100%;\" border=\"0\" cellspacing=\"0\" cellpadding=\"0\">\n<tbody>\n<tr>\n<td valign=\"top\" width=\"25%\"><\/td>\n<td valign=\"top\" width=\"60%\"><\/td>\n<\/tr>\n<tr>\n<td valign=\"top\" width=\"25%\"><\/td>\n<td valign=\"top\" width=\"60%\"><\/td>\n<\/tr>\n<tr>\n<td valign=\"top\" width=\"25%\"><\/td>\n<td valign=\"top\" width=\"60%\"><\/td>\n<\/tr>\n<tr>\n<td valign=\"top\" width=\"25%\"><\/td>\n<td valign=\"top\" width=\"60%\"><\/td>\n<\/tr>\n<tr>\n<td valign=\"top\" width=\"25%\">\n<table style=\"width: 100%;\" border=\"0\" cellspacing=\"0\" cellpadding=\"0\">\n<tbody>\n<tr>\n<td valign=\"top\" width=\"25%\"><\/td>\n<td valign=\"top\" width=\"60%\"><sup><a href=\"file:\/\/\/C:\/Users\/Annika\/Downloads\/Johan%20Emil%20Peterson.rtf#ENDNOTE_2\">\u00a0<\/a><\/sup><\/td>\n<\/tr>\n<tr>\n<td valign=\"top\" width=\"25%\"><\/td>\n<td valign=\"top\" width=\"60%\"><\/td>\n<\/tr>\n<tr>\n<td valign=\"top\" width=\"25%\"><\/td>\n<td valign=\"top\" width=\"60%\"><\/td>\n<\/tr>\n<tr>\n<td valign=\"top\" width=\"25%\"><\/td>\n<td valign=\"top\" width=\"60%\"><\/td>\n<\/tr>\n<\/tbody>\n<\/table>\n<\/td>\n<td valign=\"top\" width=\"60%\"><\/td>\n<\/tr>\n<tr>\n<td valign=\"top\" width=\"25%\"><\/td>\n<td valign=\"top\" width=\"60%\"><\/td>\n<\/tr>\n<\/tbody>\n<\/table>\n","protected":false},"excerpt":{"rendered":"<p>Johan Emil \u00a0was born in Vireda Parish. He was the only child who lived to be grown up, of Ida Charlottas and Joh. Frans 3 sons. The younger sons died as babies. Johan Emils father Joh. Frans died in lung-tuberculosis &hellip; <a href=\"https:\/\/ancestry.smars.se\/?page_id=378\">Continue reading <span class=\"meta-nav\">&rarr;<\/span><\/a><\/p>\n","protected":false},"author":1,"featured_media":0,"parent":104,"menu_order":1,"comment_status":"open","ping_status":"open","template":"","meta":{"footnotes":""},"class_list":["post-378","page","type-page","status-publish","hentry"],"_links":{"self":[{"href":"https:\/\/ancestry.smars.se\/index.php?rest_route=\/wp\/v2\/pages\/378"}],"collection":[{"href":"https:\/\/ancestry.smars.se\/index.php?rest_route=\/wp\/v2\/pages"}],"about":[{"href":"https:\/\/ancestry.smars.se\/index.php?rest_route=\/wp\/v2\/types\/page"}],"author":[{"embeddable":true,"href":"https:\/\/ancestry.smars.se\/index.php?rest_route=\/wp\/v2\/users\/1"}],"replies":[{"embeddable":true,"href":"https:\/\/ancestry.smars.se\/index.php?rest_route=%2Fwp%2Fv2%2Fcomments&post=378"}],"version-history":[{"count":13,"href":"https:\/\/ancestry.smars.se\/index.php?rest_route=\/wp\/v2\/pages\/378\/revisions"}],"predecessor-version":[{"id":3802,"href":"https:\/\/ancestry.smars.se\/index.php?rest_route=\/wp\/v2\/pages\/378\/revisions\/3802"}],"up":[{"embeddable":true,"href":"https:\/\/ancestry.smars.se\/index.php?rest_route=\/wp\/v2\/pages\/104"}],"wp:attachment":[{"href":"https:\/\/ancestry.smars.se\/index.php?rest_route=%2Fwp%2Fv2%2Fmedia&parent=378"}],"curies":[{"name":"wp","href":"https:\/\/api.w.org\/{rel}","templated":true}]}}

<p>Johan Emil  was born in Vireda Parish. He was the only child who lived to be grown up, of <a title="Ida Charlotta April 8 1845 -" href="http://ancestry.smars.se/exempelsida/ida-charlotta" target="_blank">Ida Charlotta</a>s and Joh. Frans 3 sons. The younger sons died as babies.</p>
<p>Johan Emils father Joh. Frans died in lung-tuberculosis when Johan Emil was 4 years old.</p>
<p>His mother took him along back to her home to Adelöv parish after this. They stayed with her sister Christinas family at Önnestorp and later to his Grandparents at Sötåsa.</p>
<p>At the age of 9, his mother took him along and moved to the US-  April/May 1882- together with his mother and his cousin<a title="August Emil Frid / Tyden 13/1 1865 – 23/11 1951" href="http://ancestry.smars.se/exempelsida/johanna/emil-tyden" target="_blank"> Emil Frid Tyden</a> who was 17years old. They settled in Moline, Rock island, Illinois where his mothers sister<a title="Hedda ‘Hattie’ LOVISA/e Isacsson 13/6 1843 – 3/1 1926" href="http://ancestry.smars.se/exempelsida/hedda-lovisa" target="_blank"> Hedda Lovisa </a>and<a title="Lottie Jaensson/Johnson- Augusta Charlotta 7/1 1850 – 7/4 1931" href="http://ancestry.smars.se/exempelsida/lottie-augusta-charlotta" target="_blank"> Lottie</a> lived since over 10 years.</p>
<p>1900 &#8211; at the age of 26, he is <a href="http://interactive.ancestry.com/7602/004113798_00023/1133378?backurl=http%3a%2f%2ftrees.ancestry.com%2ftree%2f39328234%2fperson%2f28034100533%2fhintlist%2fpending%3fpg%3d32799%26msg%3dntm%26msgParams%3d%257c2%257c2%257c%26mpid%3d28034100533%26shid%3d24939699499%26nec%3d1%26mdbid%3d7602%26mrpid%3d1133378&amp;ssrc=&amp;backlabel=ReturnToTree" target="_blank">registered</a> still living with his mother in Moline. A same-aged Swedish friend, Charles Edwall, is registered at their household. They were both working as &#8216;Implement fitters&#8217; at the time.</p>
<p>He belonged to the First Covenant Church.</p>
<p>FAMILY:</p>
<p>At 1906 he marries Emma C Swenson born 1882 and they have 3 children: <a title="Nina Peterson 1907 – Before Oct 1994" href="http://ancestry.smars.se/?page_id=381">Nina</a> 1907, <a title="Burdette Peterson 5/5 1909 – 14/10 1994" href="http://ancestry.smars.se/?page_id=383">Burdette</a> 1909 and <a title="Earl Peterson 26/12 1912 – 8/8 1997" href="http://ancestry.smars.se/?page_id=385">Earl</a> Petersen 1912.</p>
<p>WORK:</p>
<p>He worked as a Tool and die maker at Try Laundry Machinery Company in Moline, Illinois</p>
<p>In 1920- 47 years old- he is a Manager of a plow works at Quincy, Adams County, Illinois,</p>
<p>In 1930, at 57 years of age he is a superintendent of a fur farm; Superintendent of a fur farm;  and lived at Audubon Ave. Jackson City, Michigan<br />
He has one grand-child: <a title="John Hunt Peterson 1942 –" href="http://ancestry.smars.se/exempelsida/ida-charlotta/johan-peterson-142-1873/burdette-peterson-55-1909-1410-1994/john-hunt-peterson-1942" target="_blank">John Hunt Peterson</a>, an adopted son born 1942.</p>
<p>&nbsp;</p>
<table style="width: 100%;" border="0" cellspacing="0" cellpadding="0">
<tbody>
<tr>
<td valign="top" width="25%"></td>
<td valign="top" width="60%"><sup><a href="file:///C:/Users/Annika/Downloads/Johan%20Emil%20Peterson.rtf#ENDNOTE_2"> </a></sup></td>
</tr>
<tr>
<td valign="top" width="25%"></td>
<td valign="top" width="60%"></td>
</tr>
<tr>
<td valign="top" width="25%"></td>
<td valign="top" width="60%"></td>
</tr>
<tr>
<td valign="top" width="25%"></td>
<td valign="top" width="60%"></td>
</tr>
</tbody>
</table>
<table style="width: 100%;" border="0" cellspacing="0" cellpadding="0">
<tbody>
<tr>
<td valign="top" width="25%"></td>
<td valign="top" width="60%"></td>
</tr>
<tr>
<td valign="top" width="25%"></td>
<td valign="top" width="60%"></td>
</tr>
<tr>
<td valign="top" width="25%"></td>
<td valign="top" width="60%"></td>
</tr>
<tr>
<td valign="top" width="25%"></td>
<td valign="top" width="60%"></td>
</tr>
<tr>
<td valign="top" width="25%">
<table style="width: 100%;" border="0" cellspacing="0" cellpadding="0">
<tbody>
<tr>
<td valign="top" width="25%"></td>
<td valign="top" width="60%"><sup><a href="file:///C:/Users/Annika/Downloads/Johan%20Emil%20Peterson.rtf#ENDNOTE_2"> </a></sup></td>
</tr>
<tr>
<td valign="top" width="25%"></td>
<td valign="top" width="60%"></td>
</tr>
<tr>
<td valign="top" width="25%"></td>
<td valign="top" width="60%"></td>
</tr>
<tr>
<td valign="top" width="25%"></td>
<td valign="top" width="60%"></td>
</tr>
</tbody>
</table>
</td>
<td valign="top" width="60%"></td>
</tr>
<tr>
<td valign="top" width="25%"></td>
<td valign="top" width="60%"></td>
</tr>
</tbody>
</table>
