{"id":299,"date":"2012-12-14T20:12:50","date_gmt":"2012-12-14T20:12:50","guid":{"rendered":"http:\/\/ancestry.smars.se\/?page_id=299"},"modified":"2013-03-17T17:29:15","modified_gmt":"2013-03-17T17:29:15","slug":"hilda-johnson-1810-1874-1958","status":"publish","type":"page","link":"https:\/\/ancestry.smars.se\/?page_id=299","title":{"rendered":"Hilda Christina Johnson 18\/10 1874 &#8211; 1958"},"content":{"rendered":"<p>Hilda was born in the middle of moving from S\u00f6t\u00e5sa to \u00d6nnestorp octobre 1874.<\/p>\n<p>&#8211; Died in Woodstock, ?<\/p>\n<p>For MAP Press: \u00a0\u00a0<a href=\"https:\/\/maps.google.com\/maps\/ms?msa=0&amp;msid=202734398850949442153.0004d3448268161a5bfb1&amp;hl=sv&amp;ie=UTF8&amp;ll=51.062958,-33.36595&amp;spn=19.104647,119.658537&amp;t=m&amp;iwloc=0004d344d0427b8cf1652&amp;source=embed\">annagreta and johannes ancestors and descendants<\/a><\/p>\n<p><a href=\"wp-content\/uploads\/2012\/11\/Hilda.jpg\"><img loading=\"lazy\" decoding=\"async\" class=\"alignleft size-full wp-image-157\" title=\"Hilda\" src=\"wp-content\/uploads\/2012\/11\/Hilda.jpg\" alt=\"\" width=\"207\" height=\"283\" \/><\/a><\/p>\n","protected":false},"excerpt":{"rendered":"<p>Hilda was born in the middle of moving from S\u00f6t\u00e5sa to \u00d6nnestorp octobre 1874. &#8211; Died in Woodstock, ? For MAP Press: \u00a0\u00a0annagreta and johannes ancestors and descendants<\/p>\n","protected":false},"author":1,"featured_media":0,"parent":93,"menu_order":7,"comment_status":"open","ping_status":"open","template":"","meta":{"footnotes":""},"class_list":["post-299","page","type-page","status-publish","hentry"],"_links":{"self":[{"href":"https:\/\/ancestry.smars.se\/index.php?rest_route=\/wp\/v2\/pages\/299"}],"collection":[{"href":"https:\/\/ancestry.smars.se\/index.php?rest_route=\/wp\/v2\/pages"}],"about":[{"href":"https:\/\/ancestry.smars.se\/index.php?rest_route=\/wp\/v2\/types\/page"}],"author":[{"embeddable":true,"href":"https:\/\/ancestry.smars.se\/index.php?rest_route=\/wp\/v2\/users\/1"}],"replies":[{"embeddable":true,"href":"https:\/\/ancestry.smars.se\/index.php?rest_route=%2Fwp%2Fv2%2Fcomments&post=299"}],"version-history":[{"count":10,"href":"https:\/\/ancestry.smars.se\/index.php?rest_route=\/wp\/v2\/pages\/299\/revisions"}],"predecessor-version":[{"id":446,"href":"https:\/\/ancestry.smars.se\/index.php?rest_route=\/wp\/v2\/pages\/299\/revisions\/446"}],"up":[{"embeddable":true,"href":"https:\/\/ancestry.smars.se\/index.php?rest_route=\/wp\/v2\/pages\/93"}],"wp:attachment":[{"href":"https:\/\/ancestry.smars.se\/index.php?rest_route=%2Fwp%2Fv2%2Fmedia&parent=299"}],"curies":[{"name":"wp","href":"https:\/\/api.w.org\/{rel}","templated":true}]}}