{"id":289,"date":"2012-12-14T20:04:37","date_gmt":"2012-12-14T20:04:37","guid":{"rendered":"http:\/\/ancestry.smars.se\/?page_id=289"},"modified":"2013-04-09T18:58:31","modified_gmt":"2013-04-09T18:58:31","slug":"amanda-fernstrom-53-1872-412-1966","status":"publish","type":"page","link":"https:\/\/ancestry.smars.se\/?page_id=289","title":{"rendered":"Amanda Olivia Fernstrom 5\/3 1872 &#8211; 4\/12 1966"},"content":{"rendered":"<p>Born in S\u00f6t\u00e5sa south when her parents lived there. She was 2 years old when they moved to \u00d6nnestorp from there.<\/p>\n<p>She moved to the US ?? She marriedMagnus \u00a0Fernstrom.<\/p>\n<p><img loading=\"lazy\" decoding=\"async\" class=\"size-full wp-image-181 alignright\" style=\"color: #333333; font-style: normal; line-height: 24px;\" title=\"Amanda Fernstr\u00f6m\" alt=\"\" src=\"wp-content\/uploads\/2012\/11\/Amanda-Fernstr\u00f6m.jpg\" width=\"165\" height=\"226\" \/><a href=\"wp-content\/uploads\/2012\/12\/Magnus-Fernstr\u00f6m.jpg\"><img loading=\"lazy\" decoding=\"async\" class=\"alignnone size-full wp-image-2851\" alt=\"Magnus Fernstr\u00f6m\" src=\"wp-content\/uploads\/2012\/12\/Magnus-Fernstr\u00f6m.jpg\" width=\"198\" height=\"248\" \/><\/a><br \/>\nThey had 3 children <a title=\"Evelyn Fernstrom\/Grau 7\/6 1908 \u2013 3\/5 1967\" href=\"http:\/\/ancestry.smars.se\/exempelsida\/christina\/amanda-fernstrom-53-1872-412-1966\/evelyn-fernstromgrau-76-1908-35-1967\">Evelyn<\/a> 1908, <a title=\"Carl Fernstrom 6\/4 1910 \u2013 5\/5 1975\" href=\"http:\/\/ancestry.smars.se\/exempelsida\/christina\/amanda-fernstrom-53-1872-412-1966\/carl-fernstrom-64-1910-55-1975\">Carl<\/a> 1910 and <a title=\"Dorothy Fernstrom\/Stockwell 4\/6 1914 \u2013\" href=\"http:\/\/ancestry.smars.se\/exempelsida\/christina\/amanda-fernstrom-53-1872-412-1966\/dorothy-stockhwell-46-1914\">Dorothy<\/a> 4\/6 1914.<\/p>\n<p>Amanda kept in touch with her cousin Judith by letter in Sweden up in her 90ies. She told about the old times before moving to the US, when her family was a bit hesitant about visiting Judiths family due to their religious beliefs, but was kind of laughing about the their anxiety all those years later.<img loading=\"lazy\" decoding=\"async\" class=\"alignnone size-medium wp-image-2845\" style=\"color: #333333; font-style: normal;\" title=\"Left to right:Magnus Fernstrom, Sisters Minnie, Amalia(Emily) and Amanda. 2 of their daughters Emily  and  Dorothy (Dot)\" alt=\"Magnus o Amanda Fernstr\u00f6m V\u00e4 o H\u00f6  i mitten Amandas systrarMinnie och Amelia -Emily, d\u00f6ttrar Evelyn och Dot\" src=\"wp-content\/uploads\/2012\/12\/Magnus-o-Amanda-Fernstr\u00f6m-V\u00e4-o-H\u00f6-i-mitten-Amandas-systrarMinnie-och-Amelia-Emily-d\u00f6ttrar-Evelyn-och-Dot-177x300.jpg\" width=\"177\" height=\"300\" srcset=\"https:\/\/ancestry.smars.se\/wp-content\/uploads\/2012\/12\/Magnus-o-Amanda-Fernstr\u00f6m-V\u00e4-o-H\u00f6-i-mitten-Amandas-systrarMinnie-och-Amelia-Emily-d\u00f6ttrar-Evelyn-och-Dot-177x300.jpg 177w, https:\/\/ancestry.smars.se\/wp-content\/uploads\/2012\/12\/Magnus-o-Amanda-Fernstr\u00f6m-V\u00e4-o-H\u00f6-i-mitten-Amandas-systrarMinnie-och-Amelia-Emily-d\u00f6ttrar-Evelyn-och-Dot-604x1024.jpg 604w, https:\/\/ancestry.smars.se\/wp-content\/uploads\/2012\/12\/Magnus-o-Amanda-Fernstr\u00f6m-V\u00e4-o-H\u00f6-i-mitten-Amandas-systrarMinnie-och-Amelia-Emily-d\u00f6ttrar-Evelyn-och-Dot.jpg 665w\" sizes=\"(max-width: 177px) 100vw, 177px\" \/><\/p>\n<p><a href=\"wp-content\/uploads\/2012\/12\/Amanda-Fernstr\u00f6m-och-Emma-Sofia-Isaksson.jpg\"><img loading=\"lazy\" decoding=\"async\" class=\"alignnone size-medium wp-image-2862\" title=\"Amanda and her mothers sister Emma Sofia \" alt=\"Amanda Fernstr\u00f6m och Emma Sofia Isaksson\" src=\"wp-content\/uploads\/2012\/12\/Amanda-Fernstr\u00f6m-och-Emma-Sofia-Isaksson-192x300.jpg\" width=\"192\" height=\"300\" srcset=\"https:\/\/ancestry.smars.se\/wp-content\/uploads\/2012\/12\/Amanda-Fernstr\u00f6m-och-Emma-Sofia-Isaksson-192x300.jpg 192w, https:\/\/ancestry.smars.se\/wp-content\/uploads\/2012\/12\/Amanda-Fernstr\u00f6m-och-Emma-Sofia-Isaksson.jpg 590w\" sizes=\"(max-width: 192px) 100vw, 192px\" \/><\/a><\/p>\n<p>&#8211; She died in Rehoboth,\u00a0Mass. 94 years old. She was close to her 2 year older sister Minnie and survived her by 17 years.<\/p>\n<p>For MAP Press: \u00a0\u00a0<a href=\"https:\/\/maps.google.com\/maps\/ms?msa=0&amp;msid=202734398850949442153.0004d3448268161a5bfb1&amp;hl=sv&amp;ie=UTF8&amp;ll=51.062958,-33.36595&amp;spn=19.104647,119.658537&amp;t=m&amp;iwloc=0004d344d0427b8cf1652&amp;source=embed\">annagreta and johannes ancestors and descendants<\/a><\/p>\n","protected":false},"excerpt":{"rendered":"<p>Born in S\u00f6t\u00e5sa south when her parents lived there. She was 2 years old when they moved to \u00d6nnestorp from there. She moved to the US ?? She marriedMagnus \u00a0Fernstrom. They had 3 children Evelyn 1908, Carl 1910 and Dorothy &hellip; <a href=\"https:\/\/ancestry.smars.se\/?page_id=289\">Continue reading <span class=\"meta-nav\">&rarr;<\/span><\/a><\/p>\n","protected":false},"author":1,"featured_media":0,"parent":93,"menu_order":6,"comment_status":"open","ping_status":"open","template":"","meta":{"footnotes":""},"class_list":["post-289","page","type-page","status-publish","hentry"],"_links":{"self":[{"href":"https:\/\/ancestry.smars.se\/index.php?rest_route=\/wp\/v2\/pages\/289"}],"collection":[{"href":"https:\/\/ancestry.smars.se\/index.php?rest_route=\/wp\/v2\/pages"}],"about":[{"href":"https:\/\/ancestry.smars.se\/index.php?rest_route=\/wp\/v2\/types\/page"}],"author":[{"embeddable":true,"href":"https:\/\/ancestry.smars.se\/index.php?rest_route=\/wp\/v2\/users\/1"}],"replies":[{"embeddable":true,"href":"https:\/\/ancestry.smars.se\/index.php?rest_route=%2Fwp%2Fv2%2Fcomments&post=289"}],"version-history":[{"count":16,"href":"https:\/\/ancestry.smars.se\/index.php?rest_route=\/wp\/v2\/pages\/289\/revisions"}],"predecessor-version":[{"id":1074,"href":"https:\/\/ancestry.smars.se\/index.php?rest_route=\/wp\/v2\/pages\/289\/revisions\/1074"}],"up":[{"embeddable":true,"href":"https:\/\/ancestry.smars.se\/index.php?rest_route=\/wp\/v2\/pages\/93"}],"wp:attachment":[{"href":"https:\/\/ancestry.smars.se\/index.php?rest_route=%2Fwp%2Fv2%2Fmedia&parent=289"}],"curies":[{"name":"wp","href":"https:\/\/api.w.org\/{rel}","templated":true}]}}

<p>Born in Sötåsa south when her parents lived there. She was 2 years old when they moved to Önnestorp from there.</p>
<p>She moved to the US ?? She marriedMagnus  Fernstrom.</p>
<p><img loading="lazy" decoding="async" class="size-full wp-image-181 alignright" style="color: #333333; font-style: normal; line-height: 24px;" title="Amanda Fernström" alt="" src="wp-content/uploads/2012/11/Amanda-Fernström.jpg" width="165" height="226" /><a href="wp-content/uploads/2012/12/Magnus-Fernström.jpg"><img loading="lazy" decoding="async" class="alignnone size-full wp-image-2851" alt="Magnus Fernström" src="wp-content/uploads/2012/12/Magnus-Fernström.jpg" width="198" height="248" /></a><br />
They had 3 children <a title="Evelyn Fernstrom/Grau 7/6 1908 – 3/5 1967" href="http://ancestry.smars.se/exempelsida/christina/amanda-fernstrom-53-1872-412-1966/evelyn-fernstromgrau-76-1908-35-1967">Evelyn</a> 1908, <a title="Carl Fernstrom 6/4 1910 – 5/5 1975" href="http://ancestry.smars.se/exempelsida/christina/amanda-fernstrom-53-1872-412-1966/carl-fernstrom-64-1910-55-1975">Carl</a> 1910 and <a title="Dorothy Fernstrom/Stockwell 4/6 1914 –" href="http://ancestry.smars.se/exempelsida/christina/amanda-fernstrom-53-1872-412-1966/dorothy-stockhwell-46-1914">Dorothy</a> 4/6 1914.</p>
<p>Amanda kept in touch with her cousin Judith by letter in Sweden up in her 90ies. She told about the old times before moving to the US, when her family was a bit hesitant about visiting Judiths family due to their religious beliefs, but was kind of laughing about the their anxiety all those years later.<img loading="lazy" decoding="async" class="alignnone size-medium wp-image-2845" style="color: #333333; font-style: normal;" title="Left to right:Magnus Fernstrom, Sisters Minnie, Amalia(Emily) and Amanda. 2 of their daughters Emily  and  Dorothy (Dot)" alt="Magnus o Amanda Fernström Vä o Hö  i mitten Amandas systrarMinnie och Amelia -Emily, döttrar Evelyn och Dot" src="wp-content/uploads/2012/12/Magnus-o-Amanda-Fernström-Vä-o-Hö-i-mitten-Amandas-systrarMinnie-och-Amelia-Emily-döttrar-Evelyn-och-Dot-177x300.jpg" width="177" height="300" srcset="https://ancestry.smars.se/wp-content/uploads/2012/12/Magnus-o-Amanda-Fernström-Vä-o-Hö-i-mitten-Amandas-systrarMinnie-och-Amelia-Emily-döttrar-Evelyn-och-Dot-177x300.jpg 177w, https://ancestry.smars.se/wp-content/uploads/2012/12/Magnus-o-Amanda-Fernström-Vä-o-Hö-i-mitten-Amandas-systrarMinnie-och-Amelia-Emily-döttrar-Evelyn-och-Dot-604x1024.jpg 604w, https://ancestry.smars.se/wp-content/uploads/2012/12/Magnus-o-Amanda-Fernström-Vä-o-Hö-i-mitten-Amandas-systrarMinnie-och-Amelia-Emily-döttrar-Evelyn-och-Dot.jpg 665w" sizes="(max-width: 177px) 100vw, 177px" /></p>
<p><a href="wp-content/uploads/2012/12/Amanda-Fernström-och-Emma-Sofia-Isaksson.jpg"><img loading="lazy" decoding="async" class="alignnone size-medium wp-image-2862" title="Amanda and her mothers sister Emma Sofia " alt="Amanda Fernström och Emma Sofia Isaksson" src="wp-content/uploads/2012/12/Amanda-Fernström-och-Emma-Sofia-Isaksson-192x300.jpg" width="192" height="300" srcset="https://ancestry.smars.se/wp-content/uploads/2012/12/Amanda-Fernström-och-Emma-Sofia-Isaksson-192x300.jpg 192w, https://ancestry.smars.se/wp-content/uploads/2012/12/Amanda-Fernström-och-Emma-Sofia-Isaksson.jpg 590w" sizes="(max-width: 192px) 100vw, 192px" /></a></p>
<p>&#8211; She died in Rehoboth, Mass. 94 years old. She was close to her 2 year older sister Minnie and survived her by 17 years.</p>
<p>For MAP Press:   <a href="https://maps.google.com/maps/ms?msa=0&amp;msid=202734398850949442153.0004d3448268161a5bfb1&amp;hl=sv&amp;ie=UTF8&amp;ll=51.062958,-33.36595&amp;spn=19.104647,119.658537&amp;t=m&amp;iwloc=0004d344d0427b8cf1652&amp;source=embed">annagreta and johannes ancestors and descendants</a></p>

<p>Born in Sötåsa south when her parents lived there. She was 2 years old when they moved to Önnestorp from there. She moved to the US ?? She marriedMagnus  Fernstrom. They had 3 children Evelyn 1908, Carl 1910 and Dorothy &hellip; <a href="https://ancestry.smars.se/?page_id=289">Continue reading <span class="meta-nav">&rarr;</span></a></p>
