{"id":286,"date":"2012-12-14T19:59:40","date_gmt":"2012-12-14T19:59:40","guid":{"rendered":"http:\/\/ancestry.smars.se\/?page_id=286"},"modified":"2013-04-09T18:24:25","modified_gmt":"2013-04-09T18:24:25","slug":"minnie-sofia-andersson-1870-1949","status":"publish","type":"page","link":"https:\/\/ancestry.smars.se\/?page_id=286","title":{"rendered":"Minnie Sofia Andersson   1870 &#8211; 1949"},"content":{"rendered":"<p><a href=\"wp-content\/uploads\/2012\/11\/Minna.jpg\"><img loading=\"lazy\" decoding=\"async\" class=\"alignnone size-full wp-image-160\" title=\"Minna\" alt=\"\" src=\"wp-content\/uploads\/2012\/11\/Minna.jpg\" width=\"199\" height=\"299\" \/><\/a>\u00a0\u00a0Born in Ingelsbo<\/p>\n<p>&nbsp;<\/p>\n<div>\n<p>Sofia Wilhelmina -later called Minnie, was born as the 5th child of Johannes and Anna-Greta. As a child she lived at S\u00f6t\u00e5sa Farm from 1868 where her parents leased land from her grandparents.<\/p>\n<p><img loading=\"lazy\" decoding=\"async\" class=\"size-full wp-image-2848 alignright\" style=\"color: #333333; font-style: normal; line-height: 24px;\" title=\"Minnie together with the Fernstroms and Amelia (Emely)\" alt=\"Minnie as older\" src=\"wp-content\/uploads\/2012\/12\/Minnie-as-older1.jpg\" width=\"118\" height=\"231\" \/><a href=\"wp-content\/uploads\/2012\/12\/Magnus-o-Amanda-Fernstr\u00f6m-V\u00e4-o-H\u00f6-i-mitten-Amandas-systrarMinnie-och-Amelia-Emily-d\u00f6ttrar-Evelyn-och-Dot.jpg\"><img loading=\"lazy\" decoding=\"async\" class=\"size-medium wp-image-2845 alignright\" title=\"Minnie together with her sisters Amanda - to the right, and her family. And her sister Amelia (Emily)\" alt=\"Magnus o Amanda Fernstr\u00f6m V\u00e4 o H\u00f6  i mitten Amandas systrarMinnie och Amelia -Emily, d\u00f6ttrar Evelyn och Dot\" src=\"wp-content\/uploads\/2012\/12\/Magnus-o-Amanda-Fernstr\u00f6m-V\u00e4-o-H\u00f6-i-mitten-Amandas-systrarMinnie-och-Amelia-Emily-d\u00f6ttrar-Evelyn-och-Dot-177x300.jpg\" width=\"177\" height=\"300\" srcset=\"https:\/\/ancestry.smars.se\/wp-content\/uploads\/2012\/12\/Magnus-o-Amanda-Fernstr\u00f6m-V\u00e4-o-H\u00f6-i-mitten-Amandas-systrarMinnie-och-Amelia-Emily-d\u00f6ttrar-Evelyn-och-Dot-177x300.jpg 177w, https:\/\/ancestry.smars.se\/wp-content\/uploads\/2012\/12\/Magnus-o-Amanda-Fernstr\u00f6m-V\u00e4-o-H\u00f6-i-mitten-Amandas-systrarMinnie-och-Amelia-Emily-d\u00f6ttrar-Evelyn-och-Dot-604x1024.jpg 604w, https:\/\/ancestry.smars.se\/wp-content\/uploads\/2012\/12\/Magnus-o-Amanda-Fernstr\u00f6m-V\u00e4-o-H\u00f6-i-mitten-Amandas-systrarMinnie-och-Amelia-Emily-d\u00f6ttrar-Evelyn-och-Dot.jpg 665w\" sizes=\"(max-width: 177px) 100vw, 177px\" \/><\/a><\/p>\n<p>Minnie moved to the US ?. She settled in the same city as Amanda, her 2 year younger sister.<\/p>\n<p>She married &#8230;&#8230;.. Andersson?<\/p>\n<p>Amanda survived her by 17 years<\/p>\n<p><img loading=\"lazy\" decoding=\"async\" class=\"alignright size-thumbnail wp-image-181\" style=\"color: #333333; font-style: normal; line-height: 24px; margin-top: 0.4em;\" title=\"Amanda Fernstr\u00f6m\" alt=\"\" src=\"wp-content\/uploads\/2012\/11\/Amanda-Fernstr\u00f6m-150x150.jpg\" width=\"150\" height=\"150\" \/><\/p>\n<p>Minnie died in Rehoboth, Mass., 79 years old<\/p>\n<div>\n<p>For MAP Press: \u00a0\u00a0<a href=\"https:\/\/maps.google.com\/maps\/ms?msa=0&amp;msid=202734398850949442153.0004d3448268161a5bfb1&amp;hl=sv&amp;ie=UTF8&amp;ll=51.062958,-33.36595&amp;spn=19.104647,119.658537&amp;t=m&amp;iwloc=0004d344d0427b8cf1652&amp;source=embed\">annagreta and johannes ancestors and descendants<\/a><\/p>\n<\/div>\n<\/div>\n","protected":false},"excerpt":{"rendered":"<p>\u00a0\u00a0Born in Ingelsbo &nbsp; Sofia Wilhelmina -later called Minnie, was born as the 5th child of Johannes and Anna-Greta. As a child she lived at S\u00f6t\u00e5sa Farm from 1868 where her parents leased land from her grandparents. Minnie moved to &hellip; <a href=\"https:\/\/ancestry.smars.se\/?page_id=286\">Continue reading <span class=\"meta-nav\">&rarr;<\/span><\/a><\/p>\n","protected":false},"author":1,"featured_media":0,"parent":93,"menu_order":5,"comment_status":"open","ping_status":"open","template":"","meta":{"footnotes":""},"class_list":["post-286","page","type-page","status-publish","hentry"],"_links":{"self":[{"href":"https:\/\/ancestry.smars.se\/index.php?rest_route=\/wp\/v2\/pages\/286"}],"collection":[{"href":"https:\/\/ancestry.smars.se\/index.php?rest_route=\/wp\/v2\/pages"}],"about":[{"href":"https:\/\/ancestry.smars.se\/index.php?rest_route=\/wp\/v2\/types\/page"}],"author":[{"embeddable":true,"href":"https:\/\/ancestry.smars.se\/index.php?rest_route=\/wp\/v2\/users\/1"}],"replies":[{"embeddable":true,"href":"https:\/\/ancestry.smars.se\/index.php?rest_route=%2Fwp%2Fv2%2Fcomments&post=286"}],"version-history":[{"count":13,"href":"https:\/\/ancestry.smars.se\/index.php?rest_route=\/wp\/v2\/pages\/286\/revisions"}],"predecessor-version":[{"id":439,"href":"https:\/\/ancestry.smars.se\/index.php?rest_route=\/wp\/v2\/pages\/286\/revisions\/439"}],"up":[{"embeddable":true,"href":"https:\/\/ancestry.smars.se\/index.php?rest_route=\/wp\/v2\/pages\/93"}],"wp:attachment":[{"href":"https:\/\/ancestry.smars.se\/index.php?rest_route=%2Fwp%2Fv2%2Fmedia&parent=286"}],"curies":[{"name":"wp","href":"https:\/\/api.w.org\/{rel}","templated":true}]}}

<p><a href="wp-content/uploads/2012/11/Minna.jpg"><img loading="lazy" decoding="async" class="alignnone size-full wp-image-160" title="Minna" alt="" src="wp-content/uploads/2012/11/Minna.jpg" width="199" height="299" /></a>  Born in Ingelsbo</p>
<p>&nbsp;</p>
<div>
<p>Sofia Wilhelmina -later called Minnie, was born as the 5th child of Johannes and Anna-Greta. As a child she lived at Sötåsa Farm from 1868 where her parents leased land from her grandparents.</p>
<p><img loading="lazy" decoding="async" class="size-full wp-image-2848 alignright" style="color: #333333; font-style: normal; line-height: 24px;" title="Minnie together with the Fernstroms and Amelia (Emely)" alt="Minnie as older" src="wp-content/uploads/2012/12/Minnie-as-older1.jpg" width="118" height="231" /><a href="wp-content/uploads/2012/12/Magnus-o-Amanda-Fernström-Vä-o-Hö-i-mitten-Amandas-systrarMinnie-och-Amelia-Emily-döttrar-Evelyn-och-Dot.jpg"><img loading="lazy" decoding="async" class="size-medium wp-image-2845 alignright" title="Minnie together with her sisters Amanda - to the right, and her family. And her sister Amelia (Emily)" alt="Magnus o Amanda Fernström Vä o Hö  i mitten Amandas systrarMinnie och Amelia -Emily, döttrar Evelyn och Dot" src="wp-content/uploads/2012/12/Magnus-o-Amanda-Fernström-Vä-o-Hö-i-mitten-Amandas-systrarMinnie-och-Amelia-Emily-döttrar-Evelyn-och-Dot-177x300.jpg" width="177" height="300" srcset="https://ancestry.smars.se/wp-content/uploads/2012/12/Magnus-o-Amanda-Fernström-Vä-o-Hö-i-mitten-Amandas-systrarMinnie-och-Amelia-Emily-döttrar-Evelyn-och-Dot-177x300.jpg 177w, https://ancestry.smars.se/wp-content/uploads/2012/12/Magnus-o-Amanda-Fernström-Vä-o-Hö-i-mitten-Amandas-systrarMinnie-och-Amelia-Emily-döttrar-Evelyn-och-Dot-604x1024.jpg 604w, https://ancestry.smars.se/wp-content/uploads/2012/12/Magnus-o-Amanda-Fernström-Vä-o-Hö-i-mitten-Amandas-systrarMinnie-och-Amelia-Emily-döttrar-Evelyn-och-Dot.jpg 665w" sizes="(max-width: 177px) 100vw, 177px" /></a></p>
<p>Minnie moved to the US ?. She settled in the same city as Amanda, her 2 year younger sister.</p>
<p>She married &#8230;&#8230;.. Andersson?</p>
<p>Amanda survived her by 17 years</p>
<p><img loading="lazy" decoding="async" class="alignright size-thumbnail wp-image-181" style="color: #333333; font-style: normal; line-height: 24px; margin-top: 0.4em;" title="Amanda Fernström" alt="" src="wp-content/uploads/2012/11/Amanda-Fernström-150x150.jpg" width="150" height="150" /></p>
<p>Minnie died in Rehoboth, Mass., 79 years old</p>
<div>
<p>For MAP Press:   <a href="https://maps.google.com/maps/ms?msa=0&amp;msid=202734398850949442153.0004d3448268161a5bfb1&amp;hl=sv&amp;ie=UTF8&amp;ll=51.062958,-33.36595&amp;spn=19.104647,119.658537&amp;t=m&amp;iwloc=0004d344d0427b8cf1652&amp;source=embed">annagreta and johannes ancestors and descendants</a></p>
</div>
</div>

<p>  Born in Ingelsbo &nbsp; Sofia Wilhelmina -later called Minnie, was born as the 5th child of Johannes and Anna-Greta. As a child she lived at Sötåsa Farm from 1868 where her parents leased land from her grandparents. Minnie moved to &hellip; <a href="https://ancestry.smars.se/?page_id=286">Continue reading <span class="meta-nav">&rarr;</span></a></p>
