{"id":1994,"date":"2013-04-01T12:27:51","date_gmt":"2013-04-01T12:27:51","guid":{"rendered":"http:\/\/ancestry.smars.se\/?page_id=1994"},"modified":"2013-04-09T18:46:25","modified_gmt":"2013-04-09T18:46:25","slug":"evelyn-fernstromgrau-76-1908-35-1967","status":"publish","type":"page","link":"https:\/\/ancestry.smars.se\/?page_id=1994","title":{"rendered":"Evelyn Fernstrom\/Grau 7\/6 1908 &#8211; 3\/5 1967"},"content":{"rendered":"<p>3rd of May.<\/p>\n<p><a href=\"wp-content\/uploads\/2013\/04\/Evelyn-Dot1.jpg\"><img loading=\"lazy\" decoding=\"async\" class=\"alignnone size-full wp-image-2856\" title=\"Evelyn\" alt=\"Evelyn (Dot)\" src=\"wp-content\/uploads\/2013\/04\/Evelyn-Dot1.jpg\" width=\"177\" height=\"159\" \/><\/a><\/p>\n<p>Evelyn had one son <a title=\"Paul Grau 22\/1 1943 -\" href=\"http:\/\/ancestry.smars.se\/exempelsida\/christina\/amanda-fernstrom-53-1872-412-1966\/evelyn-fernstromgrau-76-1908-35-1967\/paul-grau-221-1943\">Paul<\/a> 1943<\/p>\n<p>.<img loading=\"lazy\" decoding=\"async\" class=\"alignnone size-medium wp-image-2845\" style=\"color: #333333; font-style: normal;\" title=\"In the back row, left (?) Emily. Front row her parents on the sides and Aunties  Minnie and Amalia in the midde. Sister Dorothy on her right.\" alt=\"Magnus o Amanda Fernstr\u00f6m V\u00e4 o H\u00f6  i mitten Amandas systrarMinnie och Amelia -Emily, d\u00f6ttrar Evelyn och Dot\" src=\"wp-content\/uploads\/2012\/12\/Magnus-o-Amanda-Fernstr\u00f6m-V\u00e4-o-H\u00f6-i-mitten-Amandas-systrarMinnie-och-Amelia-Emily-d\u00f6ttrar-Evelyn-och-Dot-177x300.jpg\" width=\"177\" height=\"300\" srcset=\"https:\/\/ancestry.smars.se\/wp-content\/uploads\/2012\/12\/Magnus-o-Amanda-Fernstr\u00f6m-V\u00e4-o-H\u00f6-i-mitten-Amandas-systrarMinnie-och-Amelia-Emily-d\u00f6ttrar-Evelyn-och-Dot-177x300.jpg 177w, https:\/\/ancestry.smars.se\/wp-content\/uploads\/2012\/12\/Magnus-o-Amanda-Fernstr\u00f6m-V\u00e4-o-H\u00f6-i-mitten-Amandas-systrarMinnie-och-Amelia-Emily-d\u00f6ttrar-Evelyn-och-Dot-604x1024.jpg 604w, https:\/\/ancestry.smars.se\/wp-content\/uploads\/2012\/12\/Magnus-o-Amanda-Fernstr\u00f6m-V\u00e4-o-H\u00f6-i-mitten-Amandas-systrarMinnie-och-Amelia-Emily-d\u00f6ttrar-Evelyn-och-Dot.jpg 665w\" sizes=\"(max-width: 177px) 100vw, 177px\" \/><\/p>\n","protected":false},"excerpt":{"rendered":"<p>3rd of May. Evelyn had one son Paul 1943 .<\/p>\n","protected":false},"author":1,"featured_media":0,"parent":289,"menu_order":1,"comment_status":"open","ping_status":"open","template":"","meta":{"footnotes":""},"class_list":["post-1994","page","type-page","status-publish","hentry"],"_links":{"self":[{"href":"https:\/\/ancestry.smars.se\/index.php?rest_route=\/wp\/v2\/pages\/1994"}],"collection":[{"href":"https:\/\/ancestry.smars.se\/index.php?rest_route=\/wp\/v2\/pages"}],"about":[{"href":"https:\/\/ancestry.smars.se\/index.php?rest_route=\/wp\/v2\/types\/page"}],"author":[{"embeddable":true,"href":"https:\/\/ancestry.smars.se\/index.php?rest_route=\/wp\/v2\/users\/1"}],"replies":[{"embeddable":true,"href":"https:\/\/ancestry.smars.se\/index.php?rest_route=%2Fwp%2Fv2%2Fcomments&post=1994"}],"version-history":[{"count":4,"href":"https:\/\/ancestry.smars.se\/index.php?rest_route=\/wp\/v2\/pages\/1994\/revisions"}],"predecessor-version":[{"id":2858,"href":"https:\/\/ancestry.smars.se\/index.php?rest_route=\/wp\/v2\/pages\/1994\/revisions\/2858"}],"up":[{"embeddable":true,"href":"https:\/\/ancestry.smars.se\/index.php?rest_route=\/wp\/v2\/pages\/289"}],"wp:attachment":[{"href":"https:\/\/ancestry.smars.se\/index.php?rest_route=%2Fwp%2Fv2%2Fmedia&parent=1994"}],"curies":[{"name":"wp","href":"https:\/\/api.w.org\/{rel}","templated":true}]}}

<p>3rd of May.</p>
<p><a href="wp-content/uploads/2013/04/Evelyn-Dot1.jpg"><img loading="lazy" decoding="async" class="alignnone size-full wp-image-2856" title="Evelyn" alt="Evelyn (Dot)" src="wp-content/uploads/2013/04/Evelyn-Dot1.jpg" width="177" height="159" /></a></p>
<p>Evelyn had one son <a title="Paul Grau 22/1 1943 -" href="http://ancestry.smars.se/exempelsida/christina/amanda-fernstrom-53-1872-412-1966/evelyn-fernstromgrau-76-1908-35-1967/paul-grau-221-1943">Paul</a> 1943</p>
<p>.<img loading="lazy" decoding="async" class="alignnone size-medium wp-image-2845" style="color: #333333; font-style: normal;" title="In the back row, left (?) Emily. Front row her parents on the sides and Aunties  Minnie and Amalia in the midde. Sister Dorothy on her right." alt="Magnus o Amanda Fernström Vä o Hö  i mitten Amandas systrarMinnie och Amelia -Emily, döttrar Evelyn och Dot" src="wp-content/uploads/2012/12/Magnus-o-Amanda-Fernström-Vä-o-Hö-i-mitten-Amandas-systrarMinnie-och-Amelia-Emily-döttrar-Evelyn-och-Dot-177x300.jpg" width="177" height="300" srcset="https://ancestry.smars.se/wp-content/uploads/2012/12/Magnus-o-Amanda-Fernström-Vä-o-Hö-i-mitten-Amandas-systrarMinnie-och-Amelia-Emily-döttrar-Evelyn-och-Dot-177x300.jpg 177w, https://ancestry.smars.se/wp-content/uploads/2012/12/Magnus-o-Amanda-Fernström-Vä-o-Hö-i-mitten-Amandas-systrarMinnie-och-Amelia-Emily-döttrar-Evelyn-och-Dot-604x1024.jpg 604w, https://ancestry.smars.se/wp-content/uploads/2012/12/Magnus-o-Amanda-Fernström-Vä-o-Hö-i-mitten-Amandas-systrarMinnie-och-Amelia-Emily-döttrar-Evelyn-och-Dot.jpg 665w" sizes="(max-width: 177px) 100vw, 177px" /></p>
