{"id":1320,"date":"2013-03-17T15:05:12","date_gmt":"2013-03-17T15:05:12","guid":{"rendered":"http:\/\/ancestry.smars.se\/?page_id=1320"},"modified":"2013-12-09T18:09:10","modified_gmt":"2013-12-09T18:09:10","slug":"anna-lotta-1837-63-sotasa","status":"publish","type":"page","link":"https:\/\/ancestry.smars.se\/?page_id=1320","title":{"rendered":"Anna Lotta 1837 6\/3 &#8211; S\u00f6t\u00e5sa &#8211; 2\/2 1844"},"content":{"rendered":"<p>Anna Lotta was the second child of Johannes and Anna-Greta.<\/p>\n<p style=\"text-align: center;\"><a style=\"font-style: normal; line-height: 24px; text-decoration: underline;\" href=\"wp-content\/uploads\/2013\/03\/Anna-Lotta-i-kyrkboken-1844.jpg\"><img loading=\"lazy\" decoding=\"async\" class=\"size-medium wp-image-4020 aligncenter\" style=\"border-color: #bbbbbb; background-color: #eeeeee;\" title=\"Anna-Lotta in the Churchbook 1844\" alt=\"\" src=\"wp-content\/uploads\/2013\/03\/Anna-Lotta-i-kyrkboken-1844-300x243.jpg\" width=\"300\" height=\"243\" srcset=\"https:\/\/ancestry.smars.se\/wp-content\/uploads\/2013\/03\/Anna-Lotta-i-kyrkboken-1844-300x243.jpg 300w, https:\/\/ancestry.smars.se\/wp-content\/uploads\/2013\/03\/Anna-Lotta-i-kyrkboken-1844-1024x830.jpg 1024w, https:\/\/ancestry.smars.se\/wp-content\/uploads\/2013\/03\/Anna-Lotta-i-kyrkboken-1844-370x300.jpg 370w\" sizes=\"(max-width: 300px) 100vw, 300px\" \/><\/a><\/p>\n<p style=\"text-align: center;\"><a href=\"http:\/\/interactive.ancestry.com\/2225\/IJ-1471_971__22-051400_2?backurl=http%3a%2f%2fsearch.ancestry.com%2fsearch%2fdb.aspx%3fdbid%3d2225%26path%3d&amp;ssrc=&amp;backlabel=ReturnBrowsing#?imageId=IJ-1471_971__22-081700_2\" target=\"_blank\"><a href=\"wp-content\/uploads\/2013\/03\/Anna-Lottas-d\u00f6d-i-kyrkboken.jpg\"><img loading=\"lazy\" decoding=\"async\" class=\"size-medium wp-image-4021 aligncenter\" title=\"Anna-Lottas death registered in the Churchbook\" alt=\"\" src=\"wp-content\/uploads\/2013\/03\/Anna-Lottas-d\u00f6d-i-kyrkboken-300x253.jpg\" width=\"300\" height=\"253\" srcset=\"https:\/\/ancestry.smars.se\/wp-content\/uploads\/2013\/03\/Anna-Lottas-d\u00f6d-i-kyrkboken-300x253.jpg 300w, https:\/\/ancestry.smars.se\/wp-content\/uploads\/2013\/03\/Anna-Lottas-d\u00f6d-i-kyrkboken-1024x864.jpg 1024w, https:\/\/ancestry.smars.se\/wp-content\/uploads\/2013\/03\/Anna-Lottas-d\u00f6d-i-kyrkboken-355x300.jpg 355w\" sizes=\"(max-width: 300px) 100vw, 300px\" \/><\/a><\/a>She died just before turning 7 years old from mumps<a href=\"http:\/\/interactive.ancestry.com\/2225\/IJ-1471_971__22-051400_2?backurl=http%3a%2f%2fsearch.ancestry.com%2fsearch%2fdb.aspx%3fdbid%3d2225%26path%3d&amp;ssrc=&amp;backlabel=ReturnBrowsing#?imageId=IJ-1471_971__22-081700_2\" target=\"_blank\">.<\/a>\u00a0\u00a0(P\u00e5ssjuka sw.) She was buried the 11th of Febr.<\/p>\n<p>She was a flower among the many young children who died young in those times. She was grieved by her parents and her older brother Gustaf Fredrik 9 years old and her younger sisters Christina 5, Johanna Maria 3 and littlest sister Hedda Lovisa only half a year old. Surely this must have been a great loss for all of them.<\/p>\n<p style=\"text-align: center;\"><a href=\"wp-content\/uploads\/2013\/01\/Sm\u00e5landsl\u00e4kt-108.jpg\"><img loading=\"lazy\" decoding=\"async\" class=\"size-medium wp-image-3451 aligncenter\" title=\"S\u00f6t\u00e5sa today 2013\" alt=\"Sm\u00e5landsl\u00e4kt 108\" src=\"wp-content\/uploads\/2013\/01\/Sm\u00e5landsl\u00e4kt-108-300x199.jpg\" width=\"300\" height=\"199\" srcset=\"https:\/\/ancestry.smars.se\/wp-content\/uploads\/2013\/01\/Sm\u00e5landsl\u00e4kt-108-300x199.jpg 300w, https:\/\/ancestry.smars.se\/wp-content\/uploads\/2013\/01\/Sm\u00e5landsl\u00e4kt-108-1024x680.jpg 1024w, https:\/\/ancestry.smars.se\/wp-content\/uploads\/2013\/01\/Sm\u00e5landsl\u00e4kt-108-451x300.jpg 451w\" sizes=\"(max-width: 300px) 100vw, 300px\" \/><\/a><a href=\"wp-content\/uploads\/2013\/01\/Sm\u00e5landsl\u00e4kt-109.jpg\"><img loading=\"lazy\" decoding=\"async\" class=\"alignnone size-medium wp-image-3452\" title=\"View from S\u00f6t\u00e5sa over the S\u00f6t\u00e5sa Lake\" alt=\"Sm\u00e5landsl\u00e4kt 109\" src=\"wp-content\/uploads\/2013\/01\/Sm\u00e5landsl\u00e4kt-109-300x199.jpg\" width=\"300\" height=\"199\" srcset=\"https:\/\/ancestry.smars.se\/wp-content\/uploads\/2013\/01\/Sm\u00e5landsl\u00e4kt-109-300x199.jpg 300w, https:\/\/ancestry.smars.se\/wp-content\/uploads\/2013\/01\/Sm\u00e5landsl\u00e4kt-109-1024x680.jpg 1024w, https:\/\/ancestry.smars.se\/wp-content\/uploads\/2013\/01\/Sm\u00e5landsl\u00e4kt-109-451x300.jpg 451w\" sizes=\"(max-width: 300px) 100vw, 300px\" \/><\/a><\/p>\n<p style=\"text-align: center;\"><a href=\"wp-content\/uploads\/2013\/03\/Sm\u00e5landsl\u00e4kt-018.jpg\"><img loading=\"lazy\" decoding=\"async\" class=\"size-medium wp-image-3731 aligncenter\" title=\"Adel\u00f6v church where she probably was buried ?\" alt=\"Sm\u00e5landsl\u00e4kt 018\" src=\"wp-content\/uploads\/2013\/03\/Sm\u00e5landsl\u00e4kt-018-300x199.jpg\" width=\"300\" height=\"199\" srcset=\"https:\/\/ancestry.smars.se\/wp-content\/uploads\/2013\/03\/Sm\u00e5landsl\u00e4kt-018-300x199.jpg 300w, https:\/\/ancestry.smars.se\/wp-content\/uploads\/2013\/03\/Sm\u00e5landsl\u00e4kt-018-1024x680.jpg 1024w, https:\/\/ancestry.smars.se\/wp-content\/uploads\/2013\/03\/Sm\u00e5landsl\u00e4kt-018-451x300.jpg 451w\" sizes=\"(max-width: 300px) 100vw, 300px\" \/><\/a><\/p>\n","protected":false},"excerpt":{"rendered":"<p>Anna Lotta was the second child of Johannes and Anna-Greta. She died just before turning 7 years old from mumps.\u00a0\u00a0(P\u00e5ssjuka sw.) She was buried the 11th of Febr. She was a flower among the many young children who died young &hellip; <a href=\"https:\/\/ancestry.smars.se\/?page_id=1320\">Continue reading <span class=\"meta-nav\">&rarr;<\/span><\/a><\/p>\n","protected":false},"author":1,"featured_media":3728,"parent":2,"menu_order":2,"comment_status":"open","ping_status":"open","template":"","meta":{"footnotes":""},"class_list":["post-1320","page","type-page","status-publish","has-post-thumbnail","hentry"],"_links":{"self":[{"href":"https:\/\/ancestry.smars.se\/index.php?rest_route=\/wp\/v2\/pages\/1320"}],"collection":[{"href":"https:\/\/ancestry.smars.se\/index.php?rest_route=\/wp\/v2\/pages"}],"about":[{"href":"https:\/\/ancestry.smars.se\/index.php?rest_route=\/wp\/v2\/types\/page"}],"author":[{"embeddable":true,"href":"https:\/\/ancestry.smars.se\/index.php?rest_route=\/wp\/v2\/users\/1"}],"replies":[{"embeddable":true,"href":"https:\/\/ancestry.smars.se\/index.php?rest_route=%2Fwp%2Fv2%2Fcomments&post=1320"}],"version-history":[{"count":14,"href":"https:\/\/ancestry.smars.se\/index.php?rest_route=\/wp\/v2\/pages\/1320\/revisions"}],"predecessor-version":[{"id":1324,"href":"https:\/\/ancestry.smars.se\/index.php?rest_route=\/wp\/v2\/pages\/1320\/revisions\/1324"}],"up":[{"embeddable":true,"href":"https:\/\/ancestry.smars.se\/index.php?rest_route=\/wp\/v2\/pages\/2"}],"wp:featuredmedia":[{"embeddable":true,"href":"https:\/\/ancestry.smars.se\/index.php?rest_route=\/wp\/v2\/media\/3728"}],"wp:attachment":[{"href":"https:\/\/ancestry.smars.se\/index.php?rest_route=%2Fwp%2Fv2%2Fmedia&parent=1320"}],"curies":[{"name":"wp","href":"https:\/\/api.w.org\/{rel}","templated":true}]}}

Anna Lotta 1837 6/3 &#8211; Sötåsa &#8211; 2/2 1844

<p>Anna Lotta was the second child of Johannes and Anna-Greta.</p>
<p style="text-align: center;"><a style="font-style: normal; line-height: 24px; text-decoration: underline;" href="wp-content/uploads/2013/03/Anna-Lotta-i-kyrkboken-1844.jpg"><img loading="lazy" decoding="async" class="size-medium wp-image-4020 aligncenter" style="border-color: #bbbbbb; background-color: #eeeeee;" title="Anna-Lotta in the Churchbook 1844" alt="" src="wp-content/uploads/2013/03/Anna-Lotta-i-kyrkboken-1844-300x243.jpg" width="300" height="243" srcset="https://ancestry.smars.se/wp-content/uploads/2013/03/Anna-Lotta-i-kyrkboken-1844-300x243.jpg 300w, https://ancestry.smars.se/wp-content/uploads/2013/03/Anna-Lotta-i-kyrkboken-1844-1024x830.jpg 1024w, https://ancestry.smars.se/wp-content/uploads/2013/03/Anna-Lotta-i-kyrkboken-1844-370x300.jpg 370w" sizes="(max-width: 300px) 100vw, 300px" /></a></p>
<p style="text-align: center;"><a href="http://interactive.ancestry.com/2225/IJ-1471_971__22-051400_2?backurl=http%3a%2f%2fsearch.ancestry.com%2fsearch%2fdb.aspx%3fdbid%3d2225%26path%3d&amp;ssrc=&amp;backlabel=ReturnBrowsing#?imageId=IJ-1471_971__22-081700_2" target="_blank"><a href="wp-content/uploads/2013/03/Anna-Lottas-död-i-kyrkboken.jpg"><img loading="lazy" decoding="async" class="size-medium wp-image-4021 aligncenter" title="Anna-Lottas death registered in the Churchbook" alt="" src="wp-content/uploads/2013/03/Anna-Lottas-död-i-kyrkboken-300x253.jpg" width="300" height="253" srcset="https://ancestry.smars.se/wp-content/uploads/2013/03/Anna-Lottas-död-i-kyrkboken-300x253.jpg 300w, https://ancestry.smars.se/wp-content/uploads/2013/03/Anna-Lottas-död-i-kyrkboken-1024x864.jpg 1024w, https://ancestry.smars.se/wp-content/uploads/2013/03/Anna-Lottas-död-i-kyrkboken-355x300.jpg 355w" sizes="(max-width: 300px) 100vw, 300px" /></a></a>She died just before turning 7 years old from mumps<a href="http://interactive.ancestry.com/2225/IJ-1471_971__22-051400_2?backurl=http%3a%2f%2fsearch.ancestry.com%2fsearch%2fdb.aspx%3fdbid%3d2225%26path%3d&amp;ssrc=&amp;backlabel=ReturnBrowsing#?imageId=IJ-1471_971__22-081700_2" target="_blank">.</a>  (Påssjuka sw.) She was buried the 11th of Febr.</p>
<p>She was a flower among the many young children who died young in those times. She was grieved by her parents and her older brother Gustaf Fredrik 9 years old and her younger sisters Christina 5, Johanna Maria 3 and littlest sister Hedda Lovisa only half a year old. Surely this must have been a great loss for all of them.</p>
<p style="text-align: center;"><a href="wp-content/uploads/2013/01/Smålandsläkt-108.jpg"><img loading="lazy" decoding="async" class="size-medium wp-image-3451 aligncenter" title="Sötåsa today 2013" alt="Smålandsläkt 108" src="wp-content/uploads/2013/01/Smålandsläkt-108-300x199.jpg" width="300" height="199" srcset="https://ancestry.smars.se/wp-content/uploads/2013/01/Smålandsläkt-108-300x199.jpg 300w, https://ancestry.smars.se/wp-content/uploads/2013/01/Smålandsläkt-108-1024x680.jpg 1024w, https://ancestry.smars.se/wp-content/uploads/2013/01/Smålandsläkt-108-451x300.jpg 451w" sizes="(max-width: 300px) 100vw, 300px" /></a><a href="wp-content/uploads/2013/01/Smålandsläkt-109.jpg"><img loading="lazy" decoding="async" class="alignnone size-medium wp-image-3452" title="View from Sötåsa over the Sötåsa Lake" alt="Smålandsläkt 109" src="wp-content/uploads/2013/01/Smålandsläkt-109-300x199.jpg" width="300" height="199" srcset="https://ancestry.smars.se/wp-content/uploads/2013/01/Smålandsläkt-109-300x199.jpg 300w, https://ancestry.smars.se/wp-content/uploads/2013/01/Smålandsläkt-109-1024x680.jpg 1024w, https://ancestry.smars.se/wp-content/uploads/2013/01/Smålandsläkt-109-451x300.jpg 451w" sizes="(max-width: 300px) 100vw, 300px" /></a></p>
<p style="text-align: center;"><a href="wp-content/uploads/2013/03/Smålandsläkt-018.jpg"><img loading="lazy" decoding="async" class="size-medium wp-image-3731 aligncenter" title="Adelöv church where she probably was buried ?" alt="Smålandsläkt 018" src="wp-content/uploads/2013/03/Smålandsläkt-018-300x199.jpg" width="300" height="199" srcset="https://ancestry.smars.se/wp-content/uploads/2013/03/Smålandsläkt-018-300x199.jpg 300w, https://ancestry.smars.se/wp-content/uploads/2013/03/Smålandsläkt-018-1024x680.jpg 1024w, https://ancestry.smars.se/wp-content/uploads/2013/03/Smålandsläkt-018-451x300.jpg 451w" sizes="(max-width: 300px) 100vw, 300px" /></a></p>

<p>Anna Lotta was the second child of Johannes and Anna-Greta. She died just before turning 7 years old from mumps.  (Påssjuka sw.) She was buried the 11th of Febr. She was a flower among the many young children who died young &hellip; <a href="https://ancestry.smars.se/?page_id=1320">Continue reading <span class="meta-nav">&rarr;</span></a></p>
