{"id":1220,"date":"2013-03-06T15:21:12","date_gmt":"2013-03-06T15:21:12","guid":{"rendered":"http:\/\/ancestry.smars.se\/?page_id=1220"},"modified":"2014-04-09T05:11:11","modified_gmt":"2014-04-09T05:11:11","slug":"tekla-johansson-1896-1926","status":"publish","type":"page","link":"https:\/\/ancestry.smars.se\/?page_id=1220","title":{"rendered":"Tekla Johansson 21st of Jan.1896-1926"},"content":{"rendered":"<p><em>Cover photo: Tekla sitting in the middle among her siblings and friends<\/em><\/p>\n<p>Tekla was the youngest sister of the children at Storrydet no 11.<\/p>\n<p style=\"text-align: center;\"><a href=\"wp-content\/uploads\/2013\/03\/Tekla-1910-p\u00e5-avskeds-Amerikafest-p\u00e5-Kvighult.jpg\"><img loading=\"lazy\" decoding=\"async\" class=\"size-medium wp-image-4467 aligncenter\" title=\"Tekla 14 years old\" alt=\"Tekla 1910 p\u00e5 avskeds-Amerikafest p\u00e5 Kvighult\" src=\"wp-content\/uploads\/2013\/03\/Tekla-1910-p\u00e5-avskeds-Amerikafest-p\u00e5-Kvighult-208x300.jpg\" width=\"208\" height=\"300\" srcset=\"https:\/\/ancestry.smars.se\/wp-content\/uploads\/2013\/03\/Tekla-1910-p\u00e5-avskeds-Amerikafest-p\u00e5-Kvighult-208x300.jpg 208w, https:\/\/ancestry.smars.se\/wp-content\/uploads\/2013\/03\/Tekla-1910-p\u00e5-avskeds-Amerikafest-p\u00e5-Kvighult.jpg 249w\" sizes=\"(max-width: 208px) 100vw, 208px\" \/><\/a><\/p>\n<p><a href=\"wp-content\/uploads\/2013\/03\/Tekla.jpg\"><img loading=\"lazy\" decoding=\"async\" class=\"alignnone size-full wp-image-4479\" alt=\"Tekla\" src=\"wp-content\/uploads\/2013\/03\/Tekla.jpg\" width=\"131\" height=\"401\" srcset=\"https:\/\/ancestry.smars.se\/wp-content\/uploads\/2013\/03\/Tekla.jpg 131w, https:\/\/ancestry.smars.se\/wp-content\/uploads\/2013\/03\/Tekla-98x300.jpg 98w\" sizes=\"(max-width: 131px) 100vw, 131px\" \/><\/a><img loading=\"lazy\" decoding=\"async\" class=\"alignnone size-medium wp-image-4461\" alt=\"Kyrkbok 1896\" src=\"wp-content\/uploads\/2013\/03\/Kyrkbok-1896-300x210.jpg\" width=\"300\" height=\"210\" srcset=\"https:\/\/ancestry.smars.se\/wp-content\/uploads\/2013\/03\/Kyrkbok-1896-300x210.jpg 300w, https:\/\/ancestry.smars.se\/wp-content\/uploads\/2013\/03\/Kyrkbok-1896-1024x717.jpg 1024w, https:\/\/ancestry.smars.se\/wp-content\/uploads\/2013\/03\/Kyrkbok-1896-428x300.jpg 428w\" sizes=\"(max-width: 300px) 100vw, 300px\" \/><\/p>\n<p>With lots of older siblings there were always lots of friends and youngsters around.<\/p>\n<p style=\"text-align: center;\"><a href=\"wp-content\/uploads\/2013\/03\/Barnen-fr\u00e5n-Storrydet-efter-1912-sannolikt-Ruben-Isak-Tekla-och-Elisabeth2.jpg\"><img loading=\"lazy\" decoding=\"async\" class=\"size-medium wp-image-4463 aligncenter\" title=\"Tekla sitting in the middle with her siblings around: Ruben to the left standing and isak sitting on the right and Elisabeth at far right. The other ones are friends\" alt=\"Barnen fr\u00e5n Storrydet efter 1912 sannolikt Ruben, Isak, Tekla och Elisabeth\" src=\"wp-content\/uploads\/2013\/03\/Barnen-fr\u00e5n-Storrydet-efter-1912-sannolikt-Ruben-Isak-Tekla-och-Elisabeth2-300x191.jpg\" width=\"300\" height=\"191\" srcset=\"https:\/\/ancestry.smars.se\/wp-content\/uploads\/2013\/03\/Barnen-fr\u00e5n-Storrydet-efter-1912-sannolikt-Ruben-Isak-Tekla-och-Elisabeth2-300x191.jpg 300w, https:\/\/ancestry.smars.se\/wp-content\/uploads\/2013\/03\/Barnen-fr\u00e5n-Storrydet-efter-1912-sannolikt-Ruben-Isak-Tekla-och-Elisabeth2-1024x654.jpg 1024w, https:\/\/ancestry.smars.se\/wp-content\/uploads\/2013\/03\/Barnen-fr\u00e5n-Storrydet-efter-1912-sannolikt-Ruben-Isak-Tekla-och-Elisabeth2-469x300.jpg 469w\" sizes=\"(max-width: 300px) 100vw, 300px\" \/><\/a><a href=\"wp-content\/uploads\/2013\/03\/Storrydsungdomar-fr-v\u00e4-2-Tekla-5-Isak-6-Ruben-8-Elisabeth-2.jpg\"><img loading=\"lazy\" decoding=\"async\" class=\"alignnone size-medium wp-image-4480\" title=\" from left no 2 Tekla, 5 Isak, 6 Ruben, 8 Elisabeth \" alt=\"Storrydsungdomar\" src=\"wp-content\/uploads\/2013\/03\/Storrydsungdomar-fr-v\u00e4-2-Tekla-5-Isak-6-Ruben-8-Elisabeth-2-300x194.jpg\" width=\"300\" height=\"194\" srcset=\"https:\/\/ancestry.smars.se\/wp-content\/uploads\/2013\/03\/Storrydsungdomar-fr-v\u00e4-2-Tekla-5-Isak-6-Ruben-8-Elisabeth-2-300x194.jpg 300w, https:\/\/ancestry.smars.se\/wp-content\/uploads\/2013\/03\/Storrydsungdomar-fr-v\u00e4-2-Tekla-5-Isak-6-Ruben-8-Elisabeth-2-461x300.jpg 461w, https:\/\/ancestry.smars.se\/wp-content\/uploads\/2013\/03\/Storrydsungdomar-fr-v\u00e4-2-Tekla-5-Isak-6-Ruben-8-Elisabeth-2.jpg 939w\" sizes=\"(max-width: 300px) 100vw, 300px\" \/><\/a><img loading=\"lazy\" decoding=\"async\" class=\"alignnone size-medium wp-image-4440\" title=\"Fr left  Ruben, Elisabeth, Isak, Tekla\" alt=\"\" src=\"wp-content\/uploads\/2013\/03\/Fr-v\u00e4-Ruben-Elisabeth-Isak-Tekla-ok\u00e4nd-dam-fram-t-v\u00e41-217x300.jpg\" width=\"217\" height=\"300\" srcset=\"https:\/\/ancestry.smars.se\/wp-content\/uploads\/2013\/03\/Fr-v\u00e4-Ruben-Elisabeth-Isak-Tekla-ok\u00e4nd-dam-fram-t-v\u00e41-217x300.jpg 217w, https:\/\/ancestry.smars.se\/wp-content\/uploads\/2013\/03\/Fr-v\u00e4-Ruben-Elisabeth-Isak-Tekla-ok\u00e4nd-dam-fram-t-v\u00e41-742x1024.jpg 742w, https:\/\/ancestry.smars.se\/wp-content\/uploads\/2013\/03\/Fr-v\u00e4-Ruben-Elisabeth-Isak-Tekla-ok\u00e4nd-dam-fram-t-v\u00e41.jpg 1373w\" sizes=\"(max-width: 217px) 100vw, 217px\" \/><a href=\"wp-content\/uploads\/2013\/03\/Sofia-Ruben-Isak-TeklaElisabeth-John-efter-19121.jpg\"><img loading=\"lazy\" decoding=\"async\" class=\"size-medium wp-image-4475 aligncenter\" title=\"Sofia, Ruben, Isak, Tekla, Elisabeth, John after 1912 when big sisters Judith and Maria had emigrated to the US\" alt=\"\" src=\"wp-content\/uploads\/2013\/03\/Sofia-Ruben-Isak-TeklaElisabeth-John-efter-19121-300x209.jpg\" width=\"300\" height=\"209\" srcset=\"https:\/\/ancestry.smars.se\/wp-content\/uploads\/2013\/03\/Sofia-Ruben-Isak-TeklaElisabeth-John-efter-19121-300x209.jpg 300w, https:\/\/ancestry.smars.se\/wp-content\/uploads\/2013\/03\/Sofia-Ruben-Isak-TeklaElisabeth-John-efter-19121-1024x715.jpg 1024w, https:\/\/ancestry.smars.se\/wp-content\/uploads\/2013\/03\/Sofia-Ruben-Isak-TeklaElisabeth-John-efter-19121-429x300.jpg 429w, https:\/\/ancestry.smars.se\/wp-content\/uploads\/2013\/03\/Sofia-Ruben-Isak-TeklaElisabeth-John-efter-19121.jpg 1826w\" sizes=\"(max-width: 300px) 100vw, 300px\" \/><\/a><a href=\"wp-content\/uploads\/2013\/03\/Storrydet-Tekla-Sofia-Isak-Ruben.jpg\"><img loading=\"lazy\" decoding=\"async\" class=\"size-medium wp-image-4486 aligncenter\" title=\"At Storrydet: Tekla lying on the ground, mother Sofia, Isak with wife Anna at left standing and probably Elisabeth and Hanna\" alt=\"Storrydet Tekla, Sofia, Isak, Ruben\" src=\"wp-content\/uploads\/2013\/03\/Storrydet-Tekla-Sofia-Isak-Ruben-300x186.jpg\" width=\"300\" height=\"186\" srcset=\"https:\/\/ancestry.smars.se\/wp-content\/uploads\/2013\/03\/Storrydet-Tekla-Sofia-Isak-Ruben-300x186.jpg 300w, https:\/\/ancestry.smars.se\/wp-content\/uploads\/2013\/03\/Storrydet-Tekla-Sofia-Isak-Ruben-1024x638.jpg 1024w, https:\/\/ancestry.smars.se\/wp-content\/uploads\/2013\/03\/Storrydet-Tekla-Sofia-Isak-Ruben-481x300.jpg 481w, https:\/\/ancestry.smars.se\/wp-content\/uploads\/2013\/03\/Storrydet-Tekla-Sofia-Isak-Ruben.jpg 1510w\" sizes=\"(max-width: 300px) 100vw, 300px\" \/><\/a><\/p>\n<p style=\"text-align: center;\">\u00a0<a href=\"wp-content\/uploads\/2013\/03\/Tekla-2a-fr-h\u00f6-bak-Anna-B-sittande-1a-fr-h\u00f6.jpg\"><img loading=\"lazy\" decoding=\"async\" class=\" wp-image-4601 aligncenter\" title=\"Tekla 2nd fr right in the back, Anna Blomdahl sitting 1st fr right - probably at Lundsbrunn Kurort (Spa)\" alt=\"\" src=\"wp-content\/uploads\/2013\/03\/Tekla-2a-fr-h\u00f6-bak-Anna-B-sittande-1a-fr-h\u00f6-300x196.jpg\" width=\"300\" height=\"196\" srcset=\"https:\/\/ancestry.smars.se\/wp-content\/uploads\/2013\/03\/Tekla-2a-fr-h\u00f6-bak-Anna-B-sittande-1a-fr-h\u00f6-300x196.jpg 300w, https:\/\/ancestry.smars.se\/wp-content\/uploads\/2013\/03\/Tekla-2a-fr-h\u00f6-bak-Anna-B-sittande-1a-fr-h\u00f6-458x300.jpg 458w, https:\/\/ancestry.smars.se\/wp-content\/uploads\/2013\/03\/Tekla-2a-fr-h\u00f6-bak-Anna-B-sittande-1a-fr-h\u00f6.jpg 931w\" sizes=\"(max-width: 300px) 100vw, 300px\" \/><\/a><\/p>\n<p>She married Gustav Andersson from Fiskaby in Svenarum and they had one daughter Margret.<\/p>\n<p>Tekla died only 30 years old in diabetes. She is buried beside her siblings in Svenarum.<\/p>\n<p style=\"text-align: center;\"><a href=\"wp-content\/uploads\/2013\/03\/Sm\u00e5landsl\u00e4kt-089.jpg\"><img loading=\"lazy\" decoding=\"async\" class=\"size-medium wp-image-4468 aligncenter\" alt=\"Sm\u00e5landsl\u00e4kt 089\" src=\"wp-content\/uploads\/2013\/03\/Sm\u00e5landsl\u00e4kt-089-300x199.jpg\" width=\"300\" height=\"199\" srcset=\"https:\/\/ancestry.smars.se\/wp-content\/uploads\/2013\/03\/Sm\u00e5landsl\u00e4kt-089-300x199.jpg 300w, https:\/\/ancestry.smars.se\/wp-content\/uploads\/2013\/03\/Sm\u00e5landsl\u00e4kt-089-1024x680.jpg 1024w, https:\/\/ancestry.smars.se\/wp-content\/uploads\/2013\/03\/Sm\u00e5landsl\u00e4kt-089-451x300.jpg 451w\" sizes=\"(max-width: 300px) 100vw, 300px\" \/><\/a><\/p>\n","protected":false},"excerpt":{"rendered":"<p>Cover photo: Tekla sitting in the middle among her siblings and friends Tekla was the youngest sister of the children at Storrydet no 11. With lots of older siblings there were always lots of friends and youngsters around. \u00a0 She &hellip; <a href=\"https:\/\/ancestry.smars.se\/?page_id=1220\">Continue reading <span class=\"meta-nav\">&rarr;<\/span><\/a><\/p>\n","protected":false},"author":1,"featured_media":4469,"parent":108,"menu_order":10,"comment_status":"open","ping_status":"open","template":"","meta":{"footnotes":""},"class_list":["post-1220","page","type-page","status-publish","has-post-thumbnail","hentry"],"_links":{"self":[{"href":"https:\/\/ancestry.smars.se\/index.php?rest_route=\/wp\/v2\/pages\/1220"}],"collection":[{"href":"https:\/\/ancestry.smars.se\/index.php?rest_route=\/wp\/v2\/pages"}],"about":[{"href":"https:\/\/ancestry.smars.se\/index.php?rest_route=\/wp\/v2\/types\/page"}],"author":[{"embeddable":true,"href":"https:\/\/ancestry.smars.se\/index.php?rest_route=\/wp\/v2\/users\/1"}],"replies":[{"embeddable":true,"href":"https:\/\/ancestry.smars.se\/index.php?rest_route=%2Fwp%2Fv2%2Fcomments&post=1220"}],"version-history":[{"count":17,"href":"https:\/\/ancestry.smars.se\/index.php?rest_route=\/wp\/v2\/pages\/1220\/revisions"}],"predecessor-version":[{"id":1222,"href":"https:\/\/ancestry.smars.se\/index.php?rest_route=\/wp\/v2\/pages\/1220\/revisions\/1222"}],"up":[{"embeddable":true,"href":"https:\/\/ancestry.smars.se\/index.php?rest_route=\/wp\/v2\/pages\/108"}],"wp:featuredmedia":[{"embeddable":true,"href":"https:\/\/ancestry.smars.se\/index.php?rest_route=\/wp\/v2\/media\/4469"}],"wp:attachment":[{"href":"https:\/\/ancestry.smars.se\/index.php?rest_route=%2Fwp%2Fv2%2Fmedia&parent=1220"}],"curies":[{"name":"wp","href":"https:\/\/api.w.org\/{rel}","templated":true}]}}

<p><em>Cover photo: Tekla sitting in the middle among her siblings and friends</em></p>
<p>Tekla was the youngest sister of the children at Storrydet no 11.</p>
<p style="text-align: center;"><a href="wp-content/uploads/2013/03/Tekla-1910-på-avskeds-Amerikafest-på-Kvighult.jpg"><img loading="lazy" decoding="async" class="size-medium wp-image-4467 aligncenter" title="Tekla 14 years old" alt="Tekla 1910 på avskeds-Amerikafest på Kvighult" src="wp-content/uploads/2013/03/Tekla-1910-på-avskeds-Amerikafest-på-Kvighult-208x300.jpg" width="208" height="300" srcset="https://ancestry.smars.se/wp-content/uploads/2013/03/Tekla-1910-på-avskeds-Amerikafest-på-Kvighult-208x300.jpg 208w, https://ancestry.smars.se/wp-content/uploads/2013/03/Tekla-1910-på-avskeds-Amerikafest-på-Kvighult.jpg 249w" sizes="(max-width: 208px) 100vw, 208px" /></a></p>
<p><a href="wp-content/uploads/2013/03/Tekla.jpg"><img loading="lazy" decoding="async" class="alignnone size-full wp-image-4479" alt="Tekla" src="wp-content/uploads/2013/03/Tekla.jpg" width="131" height="401" srcset="https://ancestry.smars.se/wp-content/uploads/2013/03/Tekla.jpg 131w, https://ancestry.smars.se/wp-content/uploads/2013/03/Tekla-98x300.jpg 98w" sizes="(max-width: 131px) 100vw, 131px" /></a><img loading="lazy" decoding="async" class="alignnone size-medium wp-image-4461" alt="Kyrkbok 1896" src="wp-content/uploads/2013/03/Kyrkbok-1896-300x210.jpg" width="300" height="210" srcset="https://ancestry.smars.se/wp-content/uploads/2013/03/Kyrkbok-1896-300x210.jpg 300w, https://ancestry.smars.se/wp-content/uploads/2013/03/Kyrkbok-1896-1024x717.jpg 1024w, https://ancestry.smars.se/wp-content/uploads/2013/03/Kyrkbok-1896-428x300.jpg 428w" sizes="(max-width: 300px) 100vw, 300px" /></p>
<p>With lots of older siblings there were always lots of friends and youngsters around.</p>
<p style="text-align: center;"><a href="wp-content/uploads/2013/03/Barnen-från-Storrydet-efter-1912-sannolikt-Ruben-Isak-Tekla-och-Elisabeth2.jpg"><img loading="lazy" decoding="async" class="size-medium wp-image-4463 aligncenter" title="Tekla sitting in the middle with her siblings around: Ruben to the left standing and isak sitting on the right and Elisabeth at far right. The other ones are friends" alt="Barnen från Storrydet efter 1912 sannolikt Ruben, Isak, Tekla och Elisabeth" src="wp-content/uploads/2013/03/Barnen-från-Storrydet-efter-1912-sannolikt-Ruben-Isak-Tekla-och-Elisabeth2-300x191.jpg" width="300" height="191" srcset="https://ancestry.smars.se/wp-content/uploads/2013/03/Barnen-från-Storrydet-efter-1912-sannolikt-Ruben-Isak-Tekla-och-Elisabeth2-300x191.jpg 300w, https://ancestry.smars.se/wp-content/uploads/2013/03/Barnen-från-Storrydet-efter-1912-sannolikt-Ruben-Isak-Tekla-och-Elisabeth2-1024x654.jpg 1024w, https://ancestry.smars.se/wp-content/uploads/2013/03/Barnen-från-Storrydet-efter-1912-sannolikt-Ruben-Isak-Tekla-och-Elisabeth2-469x300.jpg 469w" sizes="(max-width: 300px) 100vw, 300px" /></a><a href="wp-content/uploads/2013/03/Storrydsungdomar-fr-vä-2-Tekla-5-Isak-6-Ruben-8-Elisabeth-2.jpg"><img loading="lazy" decoding="async" class="alignnone size-medium wp-image-4480" title=" from left no 2 Tekla, 5 Isak, 6 Ruben, 8 Elisabeth " alt="Storrydsungdomar" src="wp-content/uploads/2013/03/Storrydsungdomar-fr-vä-2-Tekla-5-Isak-6-Ruben-8-Elisabeth-2-300x194.jpg" width="300" height="194" srcset="https://ancestry.smars.se/wp-content/uploads/2013/03/Storrydsungdomar-fr-vä-2-Tekla-5-Isak-6-Ruben-8-Elisabeth-2-300x194.jpg 300w, https://ancestry.smars.se/wp-content/uploads/2013/03/Storrydsungdomar-fr-vä-2-Tekla-5-Isak-6-Ruben-8-Elisabeth-2-461x300.jpg 461w, https://ancestry.smars.se/wp-content/uploads/2013/03/Storrydsungdomar-fr-vä-2-Tekla-5-Isak-6-Ruben-8-Elisabeth-2.jpg 939w" sizes="(max-width: 300px) 100vw, 300px" /></a><img loading="lazy" decoding="async" class="alignnone size-medium wp-image-4440" title="Fr left  Ruben, Elisabeth, Isak, Tekla" alt="" src="wp-content/uploads/2013/03/Fr-vä-Ruben-Elisabeth-Isak-Tekla-okänd-dam-fram-t-vä1-217x300.jpg" width="217" height="300" srcset="https://ancestry.smars.se/wp-content/uploads/2013/03/Fr-vä-Ruben-Elisabeth-Isak-Tekla-okänd-dam-fram-t-vä1-217x300.jpg 217w, https://ancestry.smars.se/wp-content/uploads/2013/03/Fr-vä-Ruben-Elisabeth-Isak-Tekla-okänd-dam-fram-t-vä1-742x1024.jpg 742w, https://ancestry.smars.se/wp-content/uploads/2013/03/Fr-vä-Ruben-Elisabeth-Isak-Tekla-okänd-dam-fram-t-vä1.jpg 1373w" sizes="(max-width: 217px) 100vw, 217px" /><a href="wp-content/uploads/2013/03/Sofia-Ruben-Isak-TeklaElisabeth-John-efter-19121.jpg"><img loading="lazy" decoding="async" class="size-medium wp-image-4475 aligncenter" title="Sofia, Ruben, Isak, Tekla, Elisabeth, John after 1912 when big sisters Judith and Maria had emigrated to the US" alt="" src="wp-content/uploads/2013/03/Sofia-Ruben-Isak-TeklaElisabeth-John-efter-19121-300x209.jpg" width="300" height="209" srcset="https://ancestry.smars.se/wp-content/uploads/2013/03/Sofia-Ruben-Isak-TeklaElisabeth-John-efter-19121-300x209.jpg 300w, https://ancestry.smars.se/wp-content/uploads/2013/03/Sofia-Ruben-Isak-TeklaElisabeth-John-efter-19121-1024x715.jpg 1024w, https://ancestry.smars.se/wp-content/uploads/2013/03/Sofia-Ruben-Isak-TeklaElisabeth-John-efter-19121-429x300.jpg 429w, https://ancestry.smars.se/wp-content/uploads/2013/03/Sofia-Ruben-Isak-TeklaElisabeth-John-efter-19121.jpg 1826w" sizes="(max-width: 300px) 100vw, 300px" /></a><a href="wp-content/uploads/2013/03/Storrydet-Tekla-Sofia-Isak-Ruben.jpg"><img loading="lazy" decoding="async" class="size-medium wp-image-4486 aligncenter" title="At Storrydet: Tekla lying on the ground, mother Sofia, Isak with wife Anna at left standing and probably Elisabeth and Hanna" alt="Storrydet Tekla, Sofia, Isak, Ruben" src="wp-content/uploads/2013/03/Storrydet-Tekla-Sofia-Isak-Ruben-300x186.jpg" width="300" height="186" srcset="https://ancestry.smars.se/wp-content/uploads/2013/03/Storrydet-Tekla-Sofia-Isak-Ruben-300x186.jpg 300w, https://ancestry.smars.se/wp-content/uploads/2013/03/Storrydet-Tekla-Sofia-Isak-Ruben-1024x638.jpg 1024w, https://ancestry.smars.se/wp-content/uploads/2013/03/Storrydet-Tekla-Sofia-Isak-Ruben-481x300.jpg 481w, https://ancestry.smars.se/wp-content/uploads/2013/03/Storrydet-Tekla-Sofia-Isak-Ruben.jpg 1510w" sizes="(max-width: 300px) 100vw, 300px" /></a></p>
<p style="text-align: center;"> <a href="wp-content/uploads/2013/03/Tekla-2a-fr-hö-bak-Anna-B-sittande-1a-fr-hö.jpg"><img loading="lazy" decoding="async" class=" wp-image-4601 aligncenter" title="Tekla 2nd fr right in the back, Anna Blomdahl sitting 1st fr right - probably at Lundsbrunn Kurort (Spa)" alt="" src="wp-content/uploads/2013/03/Tekla-2a-fr-hö-bak-Anna-B-sittande-1a-fr-hö-300x196.jpg" width="300" height="196" srcset="https://ancestry.smars.se/wp-content/uploads/2013/03/Tekla-2a-fr-hö-bak-Anna-B-sittande-1a-fr-hö-300x196.jpg 300w, https://ancestry.smars.se/wp-content/uploads/2013/03/Tekla-2a-fr-hö-bak-Anna-B-sittande-1a-fr-hö-458x300.jpg 458w, https://ancestry.smars.se/wp-content/uploads/2013/03/Tekla-2a-fr-hö-bak-Anna-B-sittande-1a-fr-hö.jpg 931w" sizes="(max-width: 300px) 100vw, 300px" /></a></p>
<p>She married Gustav Andersson from Fiskaby in Svenarum and they had one daughter Margret.</p>
<p>Tekla died only 30 years old in diabetes. She is buried beside her siblings in Svenarum.</p>
<p style="text-align: center;"><a href="wp-content/uploads/2013/03/Smålandsläkt-089.jpg"><img loading="lazy" decoding="async" class="size-medium wp-image-4468 aligncenter" alt="Smålandsläkt 089" src="wp-content/uploads/2013/03/Smålandsläkt-089-300x199.jpg" width="300" height="199" srcset="https://ancestry.smars.se/wp-content/uploads/2013/03/Smålandsläkt-089-300x199.jpg 300w, https://ancestry.smars.se/wp-content/uploads/2013/03/Smålandsläkt-089-1024x680.jpg 1024w, https://ancestry.smars.se/wp-content/uploads/2013/03/Smålandsläkt-089-451x300.jpg 451w" sizes="(max-width: 300px) 100vw, 300px" /></a></p>
