{"id":1205,"date":"2013-03-06T10:23:53","date_gmt":"2013-03-06T10:23:53","guid":{"rendered":"http:\/\/ancestry.smars.se\/?page_id=1205"},"modified":"2014-04-07T05:15:41","modified_gmt":"2014-04-07T05:15:41","slug":"hanna-johansdotter","status":"publish","type":"page","link":"https:\/\/ancestry.smars.se\/?page_id=1205","title":{"rendered":"Hanna Johansdotter 15 July 1882- 27 March 1912"},"content":{"rendered":"<p><em>Cover photo of Farewell-party to the Emigrants Maria, Judith and Rudolf 16 Sept 1911. \u00a0 \u00a0<\/em><em>Fr left Nora Blomdahl, Judith Palm, auntie Tilde from S\u00f6t\u00e5sa- Sofias sister &#8211; Johannes Augusts sister-, mother Sofia, Mallan Blomdahl, Anna and Vide Blomdahl, Hanna, Maria, Rudolf, Isak, John and Ruben<\/em><\/p>\n<p>Hanna was the 4th child in \u00a0Johan August and Sofias family and the first daughter in Storrydet.<\/p>\n<p style=\"text-align: center;\"><a href=\"wp-content\/uploads\/2013\/03\/Barnen-i-Storrydet-1881-85.jpg\"><img loading=\"lazy\" decoding=\"async\" class=\"size-medium wp-image-4316 aligncenter\" alt=\"Barnen i Storrydet 1881-85\" src=\"wp-content\/uploads\/2013\/03\/Barnen-i-Storrydet-1881-85-300x226.jpg\" width=\"300\" height=\"226\" srcset=\"https:\/\/ancestry.smars.se\/wp-content\/uploads\/2013\/03\/Barnen-i-Storrydet-1881-85-300x226.jpg 300w, https:\/\/ancestry.smars.se\/wp-content\/uploads\/2013\/03\/Barnen-i-Storrydet-1881-85-1024x774.jpg 1024w, https:\/\/ancestry.smars.se\/wp-content\/uploads\/2013\/03\/Barnen-i-Storrydet-1881-85-396x300.jpg 396w\" sizes=\"(max-width: 300px) 100vw, 300px\" \/><\/a><\/p>\n<p>&nbsp;<\/p>\n<p><a href=\"wp-content\/uploads\/2013\/03\/Hanna-i-J\u00f6nk\u00f6ping.jpg\"><img loading=\"lazy\" decoding=\"async\" class=\"alignnone size-full wp-image-4306\" alt=\"Hanna i J\u00f6nk\u00f6ping\" src=\"wp-content\/uploads\/2013\/03\/Hanna-i-J\u00f6nk\u00f6ping.jpg\" width=\"503\" height=\"821\" srcset=\"https:\/\/ancestry.smars.se\/wp-content\/uploads\/2013\/03\/Hanna-i-J\u00f6nk\u00f6ping.jpg 503w, https:\/\/ancestry.smars.se\/wp-content\/uploads\/2013\/03\/Hanna-i-J\u00f6nk\u00f6ping-183x300.jpg 183w\" sizes=\"(max-width: 503px) 100vw, 503px\" \/><\/a><\/p>\n<p>She grew up with all the other children at Storrydet farm and was schooled by her parents in home schooling. She the took part in teaching her younger siblings.<\/p>\n<p><a href=\"wp-content\/uploads\/2013\/03\/Detta-\u00e4r-Hanna.jpg\"><img loading=\"lazy\" decoding=\"async\" class=\"alignnone size-medium wp-image-4307\" alt=\"Detta \u00e4r Hanna\" src=\"wp-content\/uploads\/2013\/03\/Detta-\u00e4r-Hanna-176x300.jpg\" width=\"176\" height=\"300\" srcset=\"https:\/\/ancestry.smars.se\/wp-content\/uploads\/2013\/03\/Detta-\u00e4r-Hanna-176x300.jpg 176w, https:\/\/ancestry.smars.se\/wp-content\/uploads\/2013\/03\/Detta-\u00e4r-Hanna.jpg 428w\" sizes=\"(max-width: 176px) 100vw, 176px\" \/><\/a><a href=\"wp-content\/uploads\/2013\/03\/Syster-Hanna.jpg\"><img loading=\"lazy\" decoding=\"async\" class=\"alignnone size-medium wp-image-4308\" alt=\"Syster Hanna\" src=\"wp-content\/uploads\/2013\/03\/Syster-Hanna-182x300.jpg\" width=\"182\" height=\"300\" \/><\/a><a href=\"wp-content\/uploads\/2013\/03\/Hanna-igen.jpg\"><img loading=\"lazy\" decoding=\"async\" class=\"alignnone size-medium wp-image-4309\" alt=\"Hanna igen\" src=\"wp-content\/uploads\/2013\/03\/Hanna-igen-183x300.jpg\" width=\"183\" height=\"300\" srcset=\"https:\/\/ancestry.smars.se\/wp-content\/uploads\/2013\/03\/Hanna-igen-183x300.jpg 183w, https:\/\/ancestry.smars.se\/wp-content\/uploads\/2013\/03\/Hanna-igen.jpg 503w\" sizes=\"(max-width: 183px) 100vw, 183px\" \/><\/a><\/p>\n<p>As she got older she spent some time in Nyhyttan school and also 1899 she went with her brother <a title=\"John Adolf Johansson\/Blomdahl 23\/6 1877 \u2013 17\/3 1922\" href=\"http:\/\/ancestry.smars.se\/exempelsida\/johan-august\/john-adolf-johanssonblomdahl-236-1877-173-1922\" target=\"_blank\">John<\/a> to Norway and they learned tailoring. Her 3 year younger sister Judith joined them around 1900-01. \u00a0They all returned to Sweden 1902 and Hanna then spent a year at Nyhyttan school.<\/p>\n<p style=\"text-align: center;\"><a href=\"wp-content\/uploads\/2013\/04\/judith-john-och-Hanna.jpg\"><img loading=\"lazy\" decoding=\"async\" class=\"size-medium wp-image-4245 aligncenter\" title=\"judith, john och Hanna\" alt=\"\" src=\"wp-content\/uploads\/2013\/04\/judith-john-och-Hanna-182x300.jpg\" width=\"182\" height=\"300\" srcset=\"https:\/\/ancestry.smars.se\/wp-content\/uploads\/2013\/04\/judith-john-och-Hanna-182x300.jpg 182w, https:\/\/ancestry.smars.se\/wp-content\/uploads\/2013\/04\/judith-john-och-Hanna.jpg 498w\" sizes=\"(max-width: 182px) 100vw, 182px\" \/><\/a><\/p>\n<p>Hanna seemed to have traveled around by train in Sweden some, which was popular at the time. The railway was built in Sweden around 1850 and continued expanding. She sent many postcards from these trips.<a href=\"wp-content\/uploads\/2013\/03\/Hannas-postcards-fr-J\u00e4rnbo\u00e5s-and-Norrk\u00f6ping.jpg\"><img loading=\"lazy\" decoding=\"async\" class=\"alignnone  wp-image-4311\" title=\"Hannas postcards fr J\u00e4rnbo\u00e5s, Nora - close to Nyhyttan and below: Norrk\u00f6ping\" alt=\" and Norrk\u00f6ping\" src=\"wp-content\/uploads\/2013\/03\/Hannas-postcards-fr-J\u00e4rnbo\u00e5s-and-Norrk\u00f6ping-716x1024.jpg\" width=\"584\" height=\"835\" srcset=\"https:\/\/ancestry.smars.se\/wp-content\/uploads\/2013\/03\/Hannas-postcards-fr-J\u00e4rnbo\u00e5s-and-Norrk\u00f6ping-716x1024.jpg 716w, https:\/\/ancestry.smars.se\/wp-content\/uploads\/2013\/03\/Hannas-postcards-fr-J\u00e4rnbo\u00e5s-and-Norrk\u00f6ping-209x300.jpg 209w, https:\/\/ancestry.smars.se\/wp-content\/uploads\/2013\/03\/Hannas-postcards-fr-J\u00e4rnbo\u00e5s-and-Norrk\u00f6ping.jpg 1070w\" sizes=\"(max-width: 584px) 100vw, 584px\" \/><\/a><a href=\"wp-content\/uploads\/2013\/03\/Hannas-postcards-writing-I.jpg\"><img loading=\"lazy\" decoding=\"async\" class=\"alignnone size-large wp-image-4312\" alt=\"Hannas postcards- writing I\" src=\"wp-content\/uploads\/2013\/03\/Hannas-postcards-writing-I-733x1024.jpg\" width=\"584\" height=\"815\" srcset=\"https:\/\/ancestry.smars.se\/wp-content\/uploads\/2013\/03\/Hannas-postcards-writing-I-733x1024.jpg 733w, https:\/\/ancestry.smars.se\/wp-content\/uploads\/2013\/03\/Hannas-postcards-writing-I-214x300.jpg 214w, https:\/\/ancestry.smars.se\/wp-content\/uploads\/2013\/03\/Hannas-postcards-writing-I.jpg 1055w\" sizes=\"(max-width: 584px) 100vw, 584px\" \/><\/a><a href=\"wp-content\/uploads\/2013\/03\/Hannas-postcard-fr-R\u00e4ttvik-1907.jpg\"><img loading=\"lazy\" decoding=\"async\" class=\"alignnone  wp-image-4313\" title=\"Hannas postcard fr R\u00e4ttvik 1907 to her brother John - bit tart message\" alt=\"\" src=\"wp-content\/uploads\/2013\/03\/Hannas-postcard-fr-R\u00e4ttvik-1907-1024x573.jpg\" width=\"584\" height=\"326\" srcset=\"https:\/\/ancestry.smars.se\/wp-content\/uploads\/2013\/03\/Hannas-postcard-fr-R\u00e4ttvik-1907-1024x573.jpg 1024w, https:\/\/ancestry.smars.se\/wp-content\/uploads\/2013\/03\/Hannas-postcard-fr-R\u00e4ttvik-1907-300x167.jpg 300w, https:\/\/ancestry.smars.se\/wp-content\/uploads\/2013\/03\/Hannas-postcard-fr-R\u00e4ttvik-1907-500x279.jpg 500w, https:\/\/ancestry.smars.se\/wp-content\/uploads\/2013\/03\/Hannas-postcard-fr-R\u00e4ttvik-1907.jpg 1095w\" sizes=\"(max-width: 584px) 100vw, 584px\" \/><\/a><\/p>\n<p style=\"text-align: center;\">She returned to Storrydet fall 1903 as she was 21 and helped out at home and at the farm.<\/p>\n<p style=\"text-align: center;\">In September 1911 her two younger sisters Judith and Maria emigrated to the US.<\/p>\n<p><a href=\"wp-content\/uploads\/2013\/03\/1911-16-sept-Nora-Judith-Tilda-fr-S\u00f6t\u00e5sa-Sofias-syster-Mor-Sofia-Mallan-Anna-o-Vide-Hanna-Maria-Rudolf-Isak-John-Ruben.jpg\"><img loading=\"lazy\" decoding=\"async\" class=\"alignnone  wp-image-4323\" title=\"16 or Sept. Emigration party at Granhem - the home of John. Hanna is by the tree\" alt=\"1911 16 sept Nora, Judith, Tilda fr S\u00f6t\u00e5sa- Sofias syster, Mor Sofia, Mallan, Anna o Vide, Hanna, Maria, Rudolf, Isak, John, Ruben\" src=\"wp-content\/uploads\/2013\/03\/1911-16-sept-Nora-Judith-Tilda-fr-S\u00f6t\u00e5sa-Sofias-syster-Mor-Sofia-Mallan-Anna-o-Vide-Hanna-Maria-Rudolf-Isak-John-Ruben.jpg\" width=\"930\" height=\"526\" srcset=\"https:\/\/ancestry.smars.se\/wp-content\/uploads\/2013\/03\/1911-16-sept-Nora-Judith-Tilda-fr-S\u00f6t\u00e5sa-Sofias-syster-Mor-Sofia-Mallan-Anna-o-Vide-Hanna-Maria-Rudolf-Isak-John-Ruben.jpg 930w, https:\/\/ancestry.smars.se\/wp-content\/uploads\/2013\/03\/1911-16-sept-Nora-Judith-Tilda-fr-S\u00f6t\u00e5sa-Sofias-syster-Mor-Sofia-Mallan-Anna-o-Vide-Hanna-Maria-Rudolf-Isak-John-Ruben-300x169.jpg 300w, https:\/\/ancestry.smars.se\/wp-content\/uploads\/2013\/03\/1911-16-sept-Nora-Judith-Tilda-fr-S\u00f6t\u00e5sa-Sofias-syster-Mor-Sofia-Mallan-Anna-o-Vide-Hanna-Maria-Rudolf-Isak-John-Ruben-500x282.jpg 500w\" sizes=\"(max-width: 930px) 100vw, 930px\" \/><\/a><\/p>\n<p style=\"text-align: center;\">\u00a0Half a year later she died- At only 30 years of age. She died from diabetes.<\/p>\n<p style=\"text-align: center;\"><a href=\"wp-content\/uploads\/2013\/03\/Storrydsbarn.jpg\"><img loading=\"lazy\" decoding=\"async\" class=\"alignnone size-medium wp-image-4281\" alt=\"Storrydsbarn\" src=\"wp-content\/uploads\/2013\/03\/Storrydsbarn-199x300.jpg\" width=\"199\" height=\"300\" srcset=\"https:\/\/ancestry.smars.se\/wp-content\/uploads\/2013\/03\/Storrydsbarn-199x300.jpg 199w, https:\/\/ancestry.smars.se\/wp-content\/uploads\/2013\/03\/Storrydsbarn-680x1024.jpg 680w, https:\/\/ancestry.smars.se\/wp-content\/uploads\/2013\/03\/Storrydsbarn.jpg 2000w\" sizes=\"(max-width: 199px) 100vw, 199px\" \/><\/a><a href=\"wp-content\/uploads\/2013\/03\/Svenarum-kyrka-med-Ann-Louise.jpg\"><img loading=\"lazy\" decoding=\"async\" class=\"alignnone size-medium wp-image-4282\" alt=\"Svenarum kyrka med Ann-Louise\" src=\"wp-content\/uploads\/2013\/03\/Svenarum-kyrka-med-Ann-Louise-300x199.jpg\" width=\"300\" height=\"199\" srcset=\"https:\/\/ancestry.smars.se\/wp-content\/uploads\/2013\/03\/Svenarum-kyrka-med-Ann-Louise-300x199.jpg 300w, https:\/\/ancestry.smars.se\/wp-content\/uploads\/2013\/03\/Svenarum-kyrka-med-Ann-Louise-1024x680.jpg 1024w, https:\/\/ancestry.smars.se\/wp-content\/uploads\/2013\/03\/Svenarum-kyrka-med-Ann-Louise-451x300.jpg 451w\" sizes=\"(max-width: 300px) 100vw, 300px\" \/><\/a><\/p>\n<p style=\"text-align: center;\">She is buried together with her siblings at Svenarums church<\/p>\n","protected":false},"excerpt":{"rendered":"<p>Cover photo of Farewell-party to the Emigrants Maria, Judith and Rudolf 16 Sept 1911. \u00a0 \u00a0Fr left Nora Blomdahl, Judith Palm, auntie Tilde from S\u00f6t\u00e5sa- Sofias sister &#8211; Johannes Augusts sister-, mother Sofia, Mallan Blomdahl, Anna and Vide Blomdahl, Hanna, &hellip; <a href=\"https:\/\/ancestry.smars.se\/?page_id=1205\">Continue reading <span class=\"meta-nav\">&rarr;<\/span><\/a><\/p>\n","protected":false},"author":1,"featured_media":2712,"parent":108,"menu_order":4,"comment_status":"open","ping_status":"open","template":"","meta":{"footnotes":""},"class_list":["post-1205","page","type-page","status-publish","has-post-thumbnail","hentry"],"_links":{"self":[{"href":"https:\/\/ancestry.smars.se\/index.php?rest_route=\/wp\/v2\/pages\/1205"}],"collection":[{"href":"https:\/\/ancestry.smars.se\/index.php?rest_route=\/wp\/v2\/pages"}],"about":[{"href":"https:\/\/ancestry.smars.se\/index.php?rest_route=\/wp\/v2\/types\/page"}],"author":[{"embeddable":true,"href":"https:\/\/ancestry.smars.se\/index.php?rest_route=\/wp\/v2\/users\/1"}],"replies":[{"embeddable":true,"href":"https:\/\/ancestry.smars.se\/index.php?rest_route=%2Fwp%2Fv2%2Fcomments&post=1205"}],"version-history":[{"count":17,"href":"https:\/\/ancestry.smars.se\/index.php?rest_route=\/wp\/v2\/pages\/1205\/revisions"}],"predecessor-version":[{"id":4506,"href":"https:\/\/ancestry.smars.se\/index.php?rest_route=\/wp\/v2\/pages\/1205\/revisions\/4506"}],"up":[{"embeddable":true,"href":"https:\/\/ancestry.smars.se\/index.php?rest_route=\/wp\/v2\/pages\/108"}],"wp:featuredmedia":[{"embeddable":true,"href":"https:\/\/ancestry.smars.se\/index.php?rest_route=\/wp\/v2\/media\/2712"}],"wp:attachment":[{"href":"https:\/\/ancestry.smars.se\/index.php?rest_route=%2Fwp%2Fv2%2Fmedia&parent=1205"}],"curies":[{"name":"wp","href":"https:\/\/api.w.org\/{rel}","templated":true}]}}

<p><em>Cover photo of Farewell-party to the Emigrants Maria, Judith and Rudolf 16 Sept 1911.    </em><em>Fr left Nora Blomdahl, Judith Palm, auntie Tilde from Sötåsa- Sofias sister &#8211; Johannes Augusts sister-, mother Sofia, Mallan Blomdahl, Anna and Vide Blomdahl, Hanna, Maria, Rudolf, Isak, John and Ruben</em></p>
<p>Hanna was the 4th child in  Johan August and Sofias family and the first daughter in Storrydet.</p>
<p style="text-align: center;"><a href="wp-content/uploads/2013/03/Barnen-i-Storrydet-1881-85.jpg"><img loading="lazy" decoding="async" class="size-medium wp-image-4316 aligncenter" alt="Barnen i Storrydet 1881-85" src="wp-content/uploads/2013/03/Barnen-i-Storrydet-1881-85-300x226.jpg" width="300" height="226" srcset="https://ancestry.smars.se/wp-content/uploads/2013/03/Barnen-i-Storrydet-1881-85-300x226.jpg 300w, https://ancestry.smars.se/wp-content/uploads/2013/03/Barnen-i-Storrydet-1881-85-1024x774.jpg 1024w, https://ancestry.smars.se/wp-content/uploads/2013/03/Barnen-i-Storrydet-1881-85-396x300.jpg 396w" sizes="(max-width: 300px) 100vw, 300px" /></a></p>
<p>&nbsp;</p>
<p><a href="wp-content/uploads/2013/03/Hanna-i-Jönköping.jpg"><img loading="lazy" decoding="async" class="alignnone size-full wp-image-4306" alt="Hanna i Jönköping" src="wp-content/uploads/2013/03/Hanna-i-Jönköping.jpg" width="503" height="821" srcset="https://ancestry.smars.se/wp-content/uploads/2013/03/Hanna-i-Jönköping.jpg 503w, https://ancestry.smars.se/wp-content/uploads/2013/03/Hanna-i-Jönköping-183x300.jpg 183w" sizes="(max-width: 503px) 100vw, 503px" /></a></p>
<p>She grew up with all the other children at Storrydet farm and was schooled by her parents in home schooling. She the took part in teaching her younger siblings.</p>
<p><a href="wp-content/uploads/2013/03/Detta-är-Hanna.jpg"><img loading="lazy" decoding="async" class="alignnone size-medium wp-image-4307" alt="Detta är Hanna" src="wp-content/uploads/2013/03/Detta-är-Hanna-176x300.jpg" width="176" height="300" srcset="https://ancestry.smars.se/wp-content/uploads/2013/03/Detta-är-Hanna-176x300.jpg 176w, https://ancestry.smars.se/wp-content/uploads/2013/03/Detta-är-Hanna.jpg 428w" sizes="(max-width: 176px) 100vw, 176px" /></a><a href="wp-content/uploads/2013/03/Syster-Hanna.jpg"><img loading="lazy" decoding="async" class="alignnone size-medium wp-image-4308" alt="Syster Hanna" src="wp-content/uploads/2013/03/Syster-Hanna-182x300.jpg" width="182" height="300" /></a><a href="wp-content/uploads/2013/03/Hanna-igen.jpg"><img loading="lazy" decoding="async" class="alignnone size-medium wp-image-4309" alt="Hanna igen" src="wp-content/uploads/2013/03/Hanna-igen-183x300.jpg" width="183" height="300" srcset="https://ancestry.smars.se/wp-content/uploads/2013/03/Hanna-igen-183x300.jpg 183w, https://ancestry.smars.se/wp-content/uploads/2013/03/Hanna-igen.jpg 503w" sizes="(max-width: 183px) 100vw, 183px" /></a></p>
<p>As she got older she spent some time in Nyhyttan school and also 1899 she went with her brother <a title="John Adolf Johansson/Blomdahl 23/6 1877 – 17/3 1922" href="http://ancestry.smars.se/exempelsida/johan-august/john-adolf-johanssonblomdahl-236-1877-173-1922" target="_blank">John</a> to Norway and they learned tailoring. Her 3 year younger sister Judith joined them around 1900-01.  They all returned to Sweden 1902 and Hanna then spent a year at Nyhyttan school.</p>
<p style="text-align: center;"><a href="wp-content/uploads/2013/04/judith-john-och-Hanna.jpg"><img loading="lazy" decoding="async" class="size-medium wp-image-4245 aligncenter" title="judith, john och Hanna" alt="" src="wp-content/uploads/2013/04/judith-john-och-Hanna-182x300.jpg" width="182" height="300" srcset="https://ancestry.smars.se/wp-content/uploads/2013/04/judith-john-och-Hanna-182x300.jpg 182w, https://ancestry.smars.se/wp-content/uploads/2013/04/judith-john-och-Hanna.jpg 498w" sizes="(max-width: 182px) 100vw, 182px" /></a></p>
<p>Hanna seemed to have traveled around by train in Sweden some, which was popular at the time. The railway was built in Sweden around 1850 and continued expanding. She sent many postcards from these trips.<a href="wp-content/uploads/2013/03/Hannas-postcards-fr-Järnboås-and-Norrköping.jpg"><img loading="lazy" decoding="async" class="alignnone  wp-image-4311" title="Hannas postcards fr Järnboås, Nora - close to Nyhyttan and below: Norrköping" alt=" and Norrköping" src="wp-content/uploads/2013/03/Hannas-postcards-fr-Järnboås-and-Norrköping-716x1024.jpg" width="584" height="835" srcset="https://ancestry.smars.se/wp-content/uploads/2013/03/Hannas-postcards-fr-Järnboås-and-Norrköping-716x1024.jpg 716w, https://ancestry.smars.se/wp-content/uploads/2013/03/Hannas-postcards-fr-Järnboås-and-Norrköping-209x300.jpg 209w, https://ancestry.smars.se/wp-content/uploads/2013/03/Hannas-postcards-fr-Järnboås-and-Norrköping.jpg 1070w" sizes="(max-width: 584px) 100vw, 584px" /></a><a href="wp-content/uploads/2013/03/Hannas-postcards-writing-I.jpg"><img loading="lazy" decoding="async" class="alignnone size-large wp-image-4312" alt="Hannas postcards- writing I" src="wp-content/uploads/2013/03/Hannas-postcards-writing-I-733x1024.jpg" width="584" height="815" srcset="https://ancestry.smars.se/wp-content/uploads/2013/03/Hannas-postcards-writing-I-733x1024.jpg 733w, https://ancestry.smars.se/wp-content/uploads/2013/03/Hannas-postcards-writing-I-214x300.jpg 214w, https://ancestry.smars.se/wp-content/uploads/2013/03/Hannas-postcards-writing-I.jpg 1055w" sizes="(max-width: 584px) 100vw, 584px" /></a><a href="wp-content/uploads/2013/03/Hannas-postcard-fr-Rättvik-1907.jpg"><img loading="lazy" decoding="async" class="alignnone  wp-image-4313" title="Hannas postcard fr Rättvik 1907 to her brother John - bit tart message" alt="" src="wp-content/uploads/2013/03/Hannas-postcard-fr-Rättvik-1907-1024x573.jpg" width="584" height="326" srcset="https://ancestry.smars.se/wp-content/uploads/2013/03/Hannas-postcard-fr-Rättvik-1907-1024x573.jpg 1024w, https://ancestry.smars.se/wp-content/uploads/2013/03/Hannas-postcard-fr-Rättvik-1907-300x167.jpg 300w, https://ancestry.smars.se/wp-content/uploads/2013/03/Hannas-postcard-fr-Rättvik-1907-500x279.jpg 500w, https://ancestry.smars.se/wp-content/uploads/2013/03/Hannas-postcard-fr-Rättvik-1907.jpg 1095w" sizes="(max-width: 584px) 100vw, 584px" /></a></p>
<p style="text-align: center;">She returned to Storrydet fall 1903 as she was 21 and helped out at home and at the farm.</p>
<p style="text-align: center;">In September 1911 her two younger sisters Judith and Maria emigrated to the US.</p>
<p><a href="wp-content/uploads/2013/03/1911-16-sept-Nora-Judith-Tilda-fr-Sötåsa-Sofias-syster-Mor-Sofia-Mallan-Anna-o-Vide-Hanna-Maria-Rudolf-Isak-John-Ruben.jpg"><img loading="lazy" decoding="async" class="alignnone  wp-image-4323" title="16 or Sept. Emigration party at Granhem - the home of John. Hanna is by the tree" alt="1911 16 sept Nora, Judith, Tilda fr Sötåsa- Sofias syster, Mor Sofia, Mallan, Anna o Vide, Hanna, Maria, Rudolf, Isak, John, Ruben" src="wp-content/uploads/2013/03/1911-16-sept-Nora-Judith-Tilda-fr-Sötåsa-Sofias-syster-Mor-Sofia-Mallan-Anna-o-Vide-Hanna-Maria-Rudolf-Isak-John-Ruben.jpg" width="930" height="526" srcset="https://ancestry.smars.se/wp-content/uploads/2013/03/1911-16-sept-Nora-Judith-Tilda-fr-Sötåsa-Sofias-syster-Mor-Sofia-Mallan-Anna-o-Vide-Hanna-Maria-Rudolf-Isak-John-Ruben.jpg 930w, https://ancestry.smars.se/wp-content/uploads/2013/03/1911-16-sept-Nora-Judith-Tilda-fr-Sötåsa-Sofias-syster-Mor-Sofia-Mallan-Anna-o-Vide-Hanna-Maria-Rudolf-Isak-John-Ruben-300x169.jpg 300w, https://ancestry.smars.se/wp-content/uploads/2013/03/1911-16-sept-Nora-Judith-Tilda-fr-Sötåsa-Sofias-syster-Mor-Sofia-Mallan-Anna-o-Vide-Hanna-Maria-Rudolf-Isak-John-Ruben-500x282.jpg 500w" sizes="(max-width: 930px) 100vw, 930px" /></a></p>
<p style="text-align: center;"> Half a year later she died- At only 30 years of age. She died from diabetes.</p>
<p style="text-align: center;"><a href="wp-content/uploads/2013/03/Storrydsbarn.jpg"><img loading="lazy" decoding="async" class="alignnone size-medium wp-image-4281" alt="Storrydsbarn" src="wp-content/uploads/2013/03/Storrydsbarn-199x300.jpg" width="199" height="300" srcset="https://ancestry.smars.se/wp-content/uploads/2013/03/Storrydsbarn-199x300.jpg 199w, https://ancestry.smars.se/wp-content/uploads/2013/03/Storrydsbarn-680x1024.jpg 680w, https://ancestry.smars.se/wp-content/uploads/2013/03/Storrydsbarn.jpg 2000w" sizes="(max-width: 199px) 100vw, 199px" /></a><a href="wp-content/uploads/2013/03/Svenarum-kyrka-med-Ann-Louise.jpg"><img loading="lazy" decoding="async" class="alignnone size-medium wp-image-4282" alt="Svenarum kyrka med Ann-Louise" src="wp-content/uploads/2013/03/Svenarum-kyrka-med-Ann-Louise-300x199.jpg" width="300" height="199" srcset="https://ancestry.smars.se/wp-content/uploads/2013/03/Svenarum-kyrka-med-Ann-Louise-300x199.jpg 300w, https://ancestry.smars.se/wp-content/uploads/2013/03/Svenarum-kyrka-med-Ann-Louise-1024x680.jpg 1024w, https://ancestry.smars.se/wp-content/uploads/2013/03/Svenarum-kyrka-med-Ann-Louise-451x300.jpg 451w" sizes="(max-width: 300px) 100vw, 300px" /></a></p>
<p style="text-align: center;">She is buried together with her siblings at Svenarums church</p>

<p>Cover photo of Farewell-party to the Emigrants Maria, Judith and Rudolf 16 Sept 1911.    Fr left Nora Blomdahl, Judith Palm, auntie Tilde from Sötåsa- Sofias sister &#8211; Johannes Augusts sister-, mother Sofia, Mallan Blomdahl, Anna and Vide Blomdahl, Hanna, &hellip; <a href="https://ancestry.smars.se/?page_id=1205">Continue reading <span class="meta-nav">&rarr;</span></a></p>
