{"id":1202,"date":"2013-03-06T10:17:57","date_gmt":"2013-03-06T10:17:57","guid":{"rendered":"http:\/\/ancestry.smars.se\/?page_id=1202"},"modified":"2014-04-07T05:12:37","modified_gmt":"2014-04-07T05:12:37","slug":"josef-johansson","status":"publish","type":"page","link":"https:\/\/ancestry.smars.se\/?page_id=1202","title":{"rendered":"Josef Johansson 18 of December 1878 &#8211; August 1936"},"content":{"rendered":"<p><em>Coverphoto: fields of Nyhyttan that Josef was in charge of for 6 years<\/em><\/p>\n<p>Josef was the second of Johan August and Sofias children. He was close to his 1,5 years older brother <a title=\"John Adolf Blomdahl 1877- 1924\" href=\"http:\/\/ancestry.smars.se\/exempelsida\/johan-august\/john-adolf-blomdahl\" target=\"_blank\">John<\/a>.<\/p>\n<p><a href=\"wp-content\/uploads\/2013\/03\/Josef-Johansson.jpg\"><img loading=\"lazy\" decoding=\"async\" class=\"alignnone size-full wp-image-3684\" alt=\"Josef Johansson\" src=\"wp-content\/uploads\/2013\/03\/Josef-Johansson.jpg\" width=\"491\" height=\"816\" srcset=\"https:\/\/ancestry.smars.se\/wp-content\/uploads\/2013\/03\/Josef-Johansson.jpg 491w, https:\/\/ancestry.smars.se\/wp-content\/uploads\/2013\/03\/Josef-Johansson-180x300.jpg 180w\" sizes=\"(max-width: 491px) 100vw, 491px\" \/><\/a><\/p>\n<p>24 Oct 1899 &#8211; 10 Oct 1900 &#8211; when he was 21 years old, he got a job as a farmhand at Nyhyttans Adventist Church-school in J\u00e4rnbo\u00e5s parish in V\u00e4stmanland. (AID: v146147.b580.s319) where his brother had gone to school for a year. Then he went to see his brother John in Norway who was learning tailoring there.<\/p>\n<p style=\"text-align: center;\"><a href=\"wp-content\/uploads\/2013\/03\/Josef-i-Norge-1899-00-001.jpg\"><img loading=\"lazy\" decoding=\"async\" class=\"alignnone size-medium wp-image-3736\" title=\"Josef in  Norway 1899-00\" alt=\" \" src=\"wp-content\/uploads\/2013\/03\/Josef-i-Norge-1899-00-001-166x300.jpg\" width=\"166\" height=\"300\" srcset=\"https:\/\/ancestry.smars.se\/wp-content\/uploads\/2013\/03\/Josef-i-Norge-1899-00-001-166x300.jpg 166w, https:\/\/ancestry.smars.se\/wp-content\/uploads\/2013\/03\/Josef-i-Norge-1899-00-001.jpg 439w\" sizes=\"(max-width: 166px) 100vw, 166px\" \/><\/a><a href=\"wp-content\/uploads\/2013\/03\/John-Blomdahl-och-troligen-Josef-Johansson-1901.jpg\"><img loading=\"lazy\" decoding=\"async\" class=\"alignnone size-full wp-image-3685\" title=\"Josef is the one to the right with moustache and a white tie beside the lady with the tall hat. To the left of Josef is his older brother John (Blomdahl)\" alt=\"John Blomdahl och troligen Josef Johansson 1901\" src=\"wp-content\/uploads\/2013\/03\/John-Blomdahl-och-troligen-Josef-Johansson-1901.jpg\" width=\"294\" height=\"199\" \/><\/a><a href=\"wp-content\/uploads\/2013\/03\/Josef-Johansson-andra-fr\u00e5n-h\u00f6-bredvid-John-A-B.jpg\"><img loading=\"lazy\" decoding=\"async\" class=\"size-medium wp-image-3687 aligncenter\" title=\"From right: John - Josefs older brother. Beside him is Josef. The other ones are friends from Svenarum\" alt=\"Josef Johansson andra fr\u00e5n h\u00f6 bredvid John A B\" src=\"wp-content\/uploads\/2013\/03\/Josef-Johansson-andra-fr\u00e5n-h\u00f6-bredvid-John-A-B-224x300.jpg\" width=\"224\" height=\"300\" srcset=\"https:\/\/ancestry.smars.se\/wp-content\/uploads\/2013\/03\/Josef-Johansson-andra-fr\u00e5n-h\u00f6-bredvid-John-A-B-224x300.jpg 224w, https:\/\/ancestry.smars.se\/wp-content\/uploads\/2013\/03\/Josef-Johansson-andra-fr\u00e5n-h\u00f6-bredvid-John-A-B.jpg 629w\" sizes=\"(max-width: 224px) 100vw, 224px\" \/><\/a><\/p>\n<p>He returned later though to Nyhyttan and was then employed as the one in charge of \u00a0the schools farm (AID: .v146149.b520.s296) (-swed.R\u00e4ttare) Of course he had no idea his little sister Judiths grandchildren were going to settle his territories 100 years later and one of them- Stefan would be the big farmer of the Nyhyttan region then- ploughing the same fields- but with much bigger tools.<\/p>\n<p><a href=\"wp-content\/uploads\/2013\/03\/R\u00e4ttare-Josef-p\u00e5-Nyhyttan-001.jpg\"><img loading=\"lazy\" decoding=\"async\" class=\"alignnone  wp-image-3737\" title=\"Josef in charge of the Farm- sitting first from right\" alt=\"R\u00e4ttare Josef p\u00e5 Nyhyttan 001\" src=\"wp-content\/uploads\/2013\/03\/R\u00e4ttare-Josef-p\u00e5-Nyhyttan-001-300x181.jpg\" width=\"600\" height=\"362\" srcset=\"https:\/\/ancestry.smars.se\/wp-content\/uploads\/2013\/03\/R\u00e4ttare-Josef-p\u00e5-Nyhyttan-001-300x181.jpg 300w, https:\/\/ancestry.smars.se\/wp-content\/uploads\/2013\/03\/R\u00e4ttare-Josef-p\u00e5-Nyhyttan-001-1024x619.jpg 1024w, https:\/\/ancestry.smars.se\/wp-content\/uploads\/2013\/03\/R\u00e4ttare-Josef-p\u00e5-Nyhyttan-001-495x300.jpg 495w, https:\/\/ancestry.smars.se\/wp-content\/uploads\/2013\/03\/R\u00e4ttare-Josef-p\u00e5-Nyhyttan-001.jpg 1813w\" sizes=\"(max-width: 600px) 100vw, 600px\" \/><\/a><\/p>\n<p>He \u00a0moved back to Storrydet 1913 25 of April to his mother and little brothers.<\/p>\n<p>After Storrydet was sold, as he was 44 years old, \u00a0he moved to \u00d6nshult in Fryele parish, in V\u00e4rnamo region -(1922 20 Nov.). He continued working as a farmhand at a farm there where the farmer was named Anders Magnus Johansson, being 10 years older than Josef and had no family but two maids Anna-Maria, 59 years old and born in the region and Hedda Justina Johansdotter, 52 years old. She had spent 18 years in the US but had come back 1915.<\/p>\n<p>1925 19\/11- he returned to \u00a0Fiskaby,\u00a0Svenarum,\u00a0where his little brother Isak lived with his family. (AID:\u00a0v169934.b80.s70 and v172331.b90.s86). He is said to have been situated in Brofors in Svenarum the last years of his life.<\/p>\n<p>He never got married. He died in a J\u00f6nk\u00f6pings hospital, at the age of 57 years old. He is buried in Svenarum together with his siblings.<\/p>\n<p><a href=\"wp-content\/uploads\/2013\/03\/Josef-in-Memorian-001.jpg\"><img loading=\"lazy\" decoding=\"async\" class=\"size-medium wp-image-3740 alignnone\" title=\"Josefs orbituary\" alt=\"Josef in Memorian 001\" src=\"wp-content\/uploads\/2013\/03\/Josef-in-Memorian-001-222x300.jpg\" width=\"222\" height=\"300\" srcset=\"https:\/\/ancestry.smars.se\/wp-content\/uploads\/2013\/03\/Josef-in-Memorian-001-222x300.jpg 222w, https:\/\/ancestry.smars.se\/wp-content\/uploads\/2013\/03\/Josef-in-Memorian-001-759x1024.jpg 759w, https:\/\/ancestry.smars.se\/wp-content\/uploads\/2013\/03\/Josef-in-Memorian-001.jpg 1233w\" sizes=\"(max-width: 222px) 100vw, 222px\" \/><\/a><a href=\"wp-content\/uploads\/2013\/03\/Storrydsbarn.jpg\"><img loading=\"lazy\" decoding=\"async\" class=\"alignnone size-medium wp-image-4281\" title=\"Josef is buried beside his siblings at Svenarum church\" alt=\"Storrydsbarn\" src=\"wp-content\/uploads\/2013\/03\/Storrydsbarn-199x300.jpg\" width=\"199\" height=\"300\" srcset=\"https:\/\/ancestry.smars.se\/wp-content\/uploads\/2013\/03\/Storrydsbarn-199x300.jpg 199w, https:\/\/ancestry.smars.se\/wp-content\/uploads\/2013\/03\/Storrydsbarn-680x1024.jpg 680w, https:\/\/ancestry.smars.se\/wp-content\/uploads\/2013\/03\/Storrydsbarn.jpg 2000w\" sizes=\"(max-width: 199px) 100vw, 199px\" \/><\/a><\/p>\n","protected":false},"excerpt":{"rendered":"<p>Coverphoto: fields of Nyhyttan that Josef was in charge of for 6 years Josef was the second of Johan August and Sofias children. He was close to his 1,5 years older brother John. 24 Oct 1899 &#8211; 10 Oct 1900 &hellip; <a href=\"https:\/\/ancestry.smars.se\/?page_id=1202\">Continue reading <span class=\"meta-nav\">&rarr;<\/span><\/a><\/p>\n","protected":false},"author":1,"featured_media":3742,"parent":108,"menu_order":2,"comment_status":"open","ping_status":"open","template":"","meta":{"footnotes":""},"class_list":["post-1202","page","type-page","status-publish","has-post-thumbnail","hentry"],"_links":{"self":[{"href":"https:\/\/ancestry.smars.se\/index.php?rest_route=\/wp\/v2\/pages\/1202"}],"collection":[{"href":"https:\/\/ancestry.smars.se\/index.php?rest_route=\/wp\/v2\/pages"}],"about":[{"href":"https:\/\/ancestry.smars.se\/index.php?rest_route=\/wp\/v2\/types\/page"}],"author":[{"embeddable":true,"href":"https:\/\/ancestry.smars.se\/index.php?rest_route=\/wp\/v2\/users\/1"}],"replies":[{"embeddable":true,"href":"https:\/\/ancestry.smars.se\/index.php?rest_route=%2Fwp%2Fv2%2Fcomments&post=1202"}],"version-history":[{"count":32,"href":"https:\/\/ancestry.smars.se\/index.php?rest_route=\/wp\/v2\/pages\/1202\/revisions"}],"predecessor-version":[{"id":4505,"href":"https:\/\/ancestry.smars.se\/index.php?rest_route=\/wp\/v2\/pages\/1202\/revisions\/4505"}],"up":[{"embeddable":true,"href":"https:\/\/ancestry.smars.se\/index.php?rest_route=\/wp\/v2\/pages\/108"}],"wp:featuredmedia":[{"embeddable":true,"href":"https:\/\/ancestry.smars.se\/index.php?rest_route=\/wp\/v2\/media\/3742"}],"wp:attachment":[{"href":"https:\/\/ancestry.smars.se\/index.php?rest_route=%2Fwp%2Fv2%2Fmedia&parent=1202"}],"curies":[{"name":"wp","href":"https:\/\/api.w.org\/{rel}","templated":true}]}}

<p><em>Coverphoto: fields of Nyhyttan that Josef was in charge of for 6 years</em></p>
<p>Josef was the second of Johan August and Sofias children. He was close to his 1,5 years older brother <a title="John Adolf Blomdahl 1877- 1924" href="http://ancestry.smars.se/exempelsida/johan-august/john-adolf-blomdahl" target="_blank">John</a>.</p>
<p><a href="wp-content/uploads/2013/03/Josef-Johansson.jpg"><img loading="lazy" decoding="async" class="alignnone size-full wp-image-3684" alt="Josef Johansson" src="wp-content/uploads/2013/03/Josef-Johansson.jpg" width="491" height="816" srcset="https://ancestry.smars.se/wp-content/uploads/2013/03/Josef-Johansson.jpg 491w, https://ancestry.smars.se/wp-content/uploads/2013/03/Josef-Johansson-180x300.jpg 180w" sizes="(max-width: 491px) 100vw, 491px" /></a></p>
<p>24 Oct 1899 &#8211; 10 Oct 1900 &#8211; when he was 21 years old, he got a job as a farmhand at Nyhyttans Adventist Church-school in Järnboås parish in Västmanland. (AID: v146147.b580.s319) where his brother had gone to school for a year. Then he went to see his brother John in Norway who was learning tailoring there.</p>
<p style="text-align: center;"><a href="wp-content/uploads/2013/03/Josef-i-Norge-1899-00-001.jpg"><img loading="lazy" decoding="async" class="alignnone size-medium wp-image-3736" title="Josef in  Norway 1899-00" alt=" " src="wp-content/uploads/2013/03/Josef-i-Norge-1899-00-001-166x300.jpg" width="166" height="300" srcset="https://ancestry.smars.se/wp-content/uploads/2013/03/Josef-i-Norge-1899-00-001-166x300.jpg 166w, https://ancestry.smars.se/wp-content/uploads/2013/03/Josef-i-Norge-1899-00-001.jpg 439w" sizes="(max-width: 166px) 100vw, 166px" /></a><a href="wp-content/uploads/2013/03/John-Blomdahl-och-troligen-Josef-Johansson-1901.jpg"><img loading="lazy" decoding="async" class="alignnone size-full wp-image-3685" title="Josef is the one to the right with moustache and a white tie beside the lady with the tall hat. To the left of Josef is his older brother John (Blomdahl)" alt="John Blomdahl och troligen Josef Johansson 1901" src="wp-content/uploads/2013/03/John-Blomdahl-och-troligen-Josef-Johansson-1901.jpg" width="294" height="199" /></a><a href="wp-content/uploads/2013/03/Josef-Johansson-andra-från-hö-bredvid-John-A-B.jpg"><img loading="lazy" decoding="async" class="size-medium wp-image-3687 aligncenter" title="From right: John - Josefs older brother. Beside him is Josef. The other ones are friends from Svenarum" alt="Josef Johansson andra från hö bredvid John A B" src="wp-content/uploads/2013/03/Josef-Johansson-andra-från-hö-bredvid-John-A-B-224x300.jpg" width="224" height="300" srcset="https://ancestry.smars.se/wp-content/uploads/2013/03/Josef-Johansson-andra-från-hö-bredvid-John-A-B-224x300.jpg 224w, https://ancestry.smars.se/wp-content/uploads/2013/03/Josef-Johansson-andra-från-hö-bredvid-John-A-B.jpg 629w" sizes="(max-width: 224px) 100vw, 224px" /></a></p>
<p>He returned later though to Nyhyttan and was then employed as the one in charge of  the schools farm (AID: .v146149.b520.s296) (-swed.Rättare) Of course he had no idea his little sister Judiths grandchildren were going to settle his territories 100 years later and one of them- Stefan would be the big farmer of the Nyhyttan region then- ploughing the same fields- but with much bigger tools.</p>
<p><a href="wp-content/uploads/2013/03/Rättare-Josef-på-Nyhyttan-001.jpg"><img loading="lazy" decoding="async" class="alignnone  wp-image-3737" title="Josef in charge of the Farm- sitting first from right" alt="Rättare Josef på Nyhyttan 001" src="wp-content/uploads/2013/03/Rättare-Josef-på-Nyhyttan-001-300x181.jpg" width="600" height="362" srcset="https://ancestry.smars.se/wp-content/uploads/2013/03/Rättare-Josef-på-Nyhyttan-001-300x181.jpg 300w, https://ancestry.smars.se/wp-content/uploads/2013/03/Rättare-Josef-på-Nyhyttan-001-1024x619.jpg 1024w, https://ancestry.smars.se/wp-content/uploads/2013/03/Rättare-Josef-på-Nyhyttan-001-495x300.jpg 495w, https://ancestry.smars.se/wp-content/uploads/2013/03/Rättare-Josef-på-Nyhyttan-001.jpg 1813w" sizes="(max-width: 600px) 100vw, 600px" /></a></p>
<p>He  moved back to Storrydet 1913 25 of April to his mother and little brothers.</p>
<p>After Storrydet was sold, as he was 44 years old,  he moved to Önshult in Fryele parish, in Värnamo region -(1922 20 Nov.). He continued working as a farmhand at a farm there where the farmer was named Anders Magnus Johansson, being 10 years older than Josef and had no family but two maids Anna-Maria, 59 years old and born in the region and Hedda Justina Johansdotter, 52 years old. She had spent 18 years in the US but had come back 1915.</p>
<p>1925 19/11- he returned to  Fiskaby, Svenarum, where his little brother Isak lived with his family. (AID: v169934.b80.s70 and v172331.b90.s86). He is said to have been situated in Brofors in Svenarum the last years of his life.</p>
<p>He never got married. He died in a Jönköpings hospital, at the age of 57 years old. He is buried in Svenarum together with his siblings.</p>
<p><a href="wp-content/uploads/2013/03/Josef-in-Memorian-001.jpg"><img loading="lazy" decoding="async" class="size-medium wp-image-3740 alignnone" title="Josefs orbituary" alt="Josef in Memorian 001" src="wp-content/uploads/2013/03/Josef-in-Memorian-001-222x300.jpg" width="222" height="300" srcset="https://ancestry.smars.se/wp-content/uploads/2013/03/Josef-in-Memorian-001-222x300.jpg 222w, https://ancestry.smars.se/wp-content/uploads/2013/03/Josef-in-Memorian-001-759x1024.jpg 759w, https://ancestry.smars.se/wp-content/uploads/2013/03/Josef-in-Memorian-001.jpg 1233w" sizes="(max-width: 222px) 100vw, 222px" /></a><a href="wp-content/uploads/2013/03/Storrydsbarn.jpg"><img loading="lazy" decoding="async" class="alignnone size-medium wp-image-4281" title="Josef is buried beside his siblings at Svenarum church" alt="Storrydsbarn" src="wp-content/uploads/2013/03/Storrydsbarn-199x300.jpg" width="199" height="300" srcset="https://ancestry.smars.se/wp-content/uploads/2013/03/Storrydsbarn-199x300.jpg 199w, https://ancestry.smars.se/wp-content/uploads/2013/03/Storrydsbarn-680x1024.jpg 680w, https://ancestry.smars.se/wp-content/uploads/2013/03/Storrydsbarn.jpg 2000w" sizes="(max-width: 199px) 100vw, 199px" /></a></p>
